{"id":1042,"date":"2018-07-18T12:12:53","date_gmt":"2018-07-18T12:12:53","guid":{"rendered":"https:\/\/delormdesign.com\/blog\/?page_id=1042"},"modified":"2020-06-30T14:49:00","modified_gmt":"2020-06-30T14:49:00","slug":"comment-rendre-un-canape-design-plus-confortable","status":"publish","type":"page","link":"https:\/\/delormdesign.com\/blog\/canape-design\/comment-rendre-un-canape-design-plus-confortable\/","title":{"rendered":"Comment rendre un canap\u00e9 design plus confortable ?"},"content":{"rendered":"<p>Vous serez s\u00fbrement d\u2019accord\u00a0: il n\u2019y a rien de plus aga\u00e7ant et d\u00e9sagr\u00e9able qu\u2019un canap\u00e9 qui nous donne mal au dos ou dans lequel on rechigne \u00e0 s\u2019asseoir. Et qui dit dos coinc\u00e9 dit torticolis, puis vient la fatigue et finalement\u00a0: nous n\u2019en pouvons plus de ce maudit sofa\u00a0!<\/p>\n<p>Si comme nous, vous avez mal au c\u0153ur \u00e0 l\u2019id\u00e9e de jeter ce canap\u00e9 design dans lequel vous avez tant investi pour en acheter un neuf, pas de panique\u00a0: cet article est fait pour vous. Alors retroussez-vous les manches, il y a de la r\u00e9novation dans l\u2019air\u00a0!<\/p>\n<h2>Premi\u00e8re approche\u00a0: la m\u00e9thode du \u00ab\u00a0fain\u00e9ant\u00a0\u00bb<\/h2>\n<p>Alors oui, entamer de grands travaux pour un sofa, ce n\u2019est pas forc\u00e9ment le weekend de r\u00eave de tout le monde (vraiment\u00a0?)\u00a0: heureusement pour les moins bricoleurs d\u2019entre nous, voici quelques astuces qui pourront peut-\u00eatre vous faire changer d\u2019avis sur votre canap\u00e9 d\u00e9pr\u00e9ci\u00e9.<\/p>\n<p><img loading=\"lazy\" class=\"alignnone size-large wp-image-1050 aligncenter\" src=\"https:\/\/delormdesign.com\/blog\/wp-content\/uploads\/2018\/07\/canape-design-confortable-astuces-1024x731.jpg\" alt=\"canap\u00e9 design confortable nos astuces\" width=\"980\" height=\"700\" srcset=\"https:\/\/delormdesign.com\/blog\/wp-content\/uploads\/2018\/07\/canape-design-confortable-astuces-1024x731.jpg 1024w, https:\/\/delormdesign.com\/blog\/wp-content\/uploads\/2018\/07\/canape-design-confortable-astuces-300x214.jpg 300w, https:\/\/delormdesign.com\/blog\/wp-content\/uploads\/2018\/07\/canape-design-confortable-astuces-768x548.jpg 768w, https:\/\/delormdesign.com\/blog\/wp-content\/uploads\/2018\/07\/canape-design-confortable-astuces-940x671.jpg 940w\" sizes=\"(max-width: 980px) 100vw, 980px\" \/><\/p>\n<ul>\n<li>\n<h3>Comme un sultan, <strong>achetez des coussins<\/strong>!<\/h3>\n<\/li>\n<\/ul>\n<p>Vous avez bien lu\u00a0: des coussins\u00a0! Non, non, pas n\u00e9cessairement ceux de votre grand-m\u00e8re (bien que le r\u00e9tro soit de nouveau \u00e0 la page), mais plut\u00f4t ceux avec des coloris attrayants, souples et moelleux\u00a0! Vive le contemporain et les motifs singuliers\u00a0! Il en existe aussi pour soulager les maux de dos. \u00c9pais, fins, larges, petits, brod\u00e9s ou \u00e0 sequins\u00a0: en les calant derri\u00e8re votre dos ou sous votre nuque, vous avez de <strong>fortes chances d\u2019am\u00e9liorer nettement la qualit\u00e9 de confort de votre canap\u00e9 design<\/strong>. De plus, vous ne pourrez pas nier que votre sofa a l\u2019air beaucoup plus <strong>chaleureux et tendance<\/strong> maintenant. N\u2019ayez crainte\u00a0: nul besoin de pressing si vous investissez dans des oreillers \u00e0 housses amovibles. Une derni\u00e8re chose\u00a0: les plaids marchent aussi\u00a0(bien pratique l\u2019hiver pour d\u00e9vorer un bon roman au chaud sous la couette).<\/p>\n<ul>\n<li>\n<h3>Votre canap\u00e9 est neuf\u00a0? <strong>Assouplissez-le\u00a0! <\/strong><\/h3>\n<\/li>\n<\/ul>\n<p>Si les canap\u00e9s en tissu ou en microfibre sont plus durs apr\u00e8s achat, c\u2019est tout simplement que la mati\u00e8re n\u2019a pas eu <strong>l\u2019occasion de se d\u00e9former<\/strong>. Pas la peine de sauter \u00e0 pied joint \u00e0 travers votre salon et sur tout le divan dans l\u2019espoir de le d\u00e9tendre\u00a0: commencez par d\u00e9tacher le dossier si c\u2019est possible, et essayez de le d\u00e9former d\u00e9licatement. Faites de m\u00eame pour l\u2019assise de votre canap\u00e9 design.<\/p>\n<ul>\n<li>\n<h3>Attention \u00e0 <strong>la position et l\u2019inclinaison<\/strong><\/h3>\n<\/li>\n<\/ul>\n<p>Beaucoup de personnes se plaignent de l\u2019inconfort de leur canap\u00e9, alors qu\u2019en deux coups de cuill\u00e8re \u00e0 pot, ils pourront profiter de leurs \u00e9crans de t\u00e9l\u00e9 toute la soir\u00e9e\u00a0! Il suffit de porter son attention sur <strong>la place du fauteuil dans la pi\u00e8ce<\/strong> et de son <strong>inclinaison<\/strong>. En effet, un fauteuil qui ne fait pas face \u00e0 l\u2019\u00e9cran aura tendance \u00e0 provoquer plus de douleurs articulaires \u00e0 ses utilisateurs. Veillez-donc \u00e0 <strong>toujours bien l\u2019orienter<\/strong>. De m\u00eame, l\u2019inclinaison de votre sofa joue un r\u00f4le majeur dans le bien-\u00eatre qu\u2019il peut vous procurer. Tous les mod\u00e8les ne disposent pas de syst\u00e8mes d\u2019inclinaison, mais il est important de v\u00e9rifier que votre dos ne se trouve ni trop droit, ni trop couch\u00e9 contre le dossier. Demandez l\u2019aide d\u2019un ami pour redresser le si\u00e8ge de votre canap\u00e9\u00a0: on travaille bien mieux \u00e0 deux\u00a0!<\/p>\n<p>Alors, \u00e7a y est\u00a0? Vous l\u2019aimez \u00e0 nouveau votre canap\u00e9 design pr\u00e9f\u00e9r\u00e9\u00a0? Si non, la suite de cet article peut s\u00fbrement vous aider \u00e0 trouver une solution.<\/p>\n<p>&nbsp;<\/p>\n<h2>Deuxi\u00e8me approche\u00a0: pour les petits bricoleurs<\/h2>\n<p>Que le duel commence\u00a0! Non, je plaisante. Mais il va falloir s\u2019armer de courage et de patience\u00a0! Amoureux du travail fait main, cette partie est pour vous.<\/p>\n<p><img loading=\"lazy\" class=\"alignnone size-large wp-image-1052 aligncenter\" src=\"https:\/\/delormdesign.com\/blog\/wp-content\/uploads\/2018\/07\/canape-design-confortable-bricoleurs-1024x683.jpg\" alt=\"canap\u00e9 design confortable astuces pour les petits bricoleurs\" width=\"980\" height=\"654\" srcset=\"https:\/\/delormdesign.com\/blog\/wp-content\/uploads\/2018\/07\/canape-design-confortable-bricoleurs-1024x683.jpg 1024w, https:\/\/delormdesign.com\/blog\/wp-content\/uploads\/2018\/07\/canape-design-confortable-bricoleurs-300x200.jpg 300w, https:\/\/delormdesign.com\/blog\/wp-content\/uploads\/2018\/07\/canape-design-confortable-bricoleurs-768x512.jpg 768w, https:\/\/delormdesign.com\/blog\/wp-content\/uploads\/2018\/07\/canape-design-confortable-bricoleurs-940x627.jpg 940w\" sizes=\"(max-width: 980px) 100vw, 980px\" \/><\/p>\n<ul>\n<li>\n<h3><strong>Canap\u00e9 en cuir\u00a0: \u00e0 vous de le nourrir<\/strong><strong>! <\/strong><\/h3>\n<\/li>\n<\/ul>\n<p>L\u2019opinion commune veut que les canap\u00e9s design en cuir soient tr\u00e8s r\u00e9sistants, durables et d\u2019une qualit\u00e9 remarquable. \u00c0 tout cela, je dis oui\u00a0! \u00c0 condition bien s\u00fbr des les <strong>entretenir<\/strong>\u2026 Saviez-vous qu\u2019il existe des <strong>cr\u00e8mes et baumes<\/strong> sp\u00e9cialement con\u00e7us pour les canap\u00e9s en cuir\u00a0?\u00a0Non\u00a0? Alors maintenant, plus d\u2019impasse sur l\u2019entretien et le traitement de votre sofa\u00a0! Ces cr\u00e8mes ont pour but de pr\u00e9venir des taches de vieillesse, des cicatrices et surtout, elles permettent de <strong>redonner souplesse et \u00e9lasticit\u00e9 au mat\u00e9riau<\/strong>. Apr\u00e8s tout, il s\u2019agit bien d\u2019une peau\u00a0: il faut donc l\u2019hydrater et en prendre soin si l\u2019on souhaite la faire durer (et c\u2019est bien normal\u00a0!).<\/p>\n<ul>\n<li>\n<h3><strong>Retourner le dossier <\/strong><\/h3>\n<\/li>\n<\/ul>\n<p>Si vous et votre canap\u00e9, c\u2019est une histoire d\u2019amour qui dure depuis longtemps, peut-\u00eatre le dossier a-t-il pris une <strong>forme peu ad\u00e9quate et douloureuse<\/strong>\u00a0? Si le mod\u00e8le de votre sofa le permet, pensez \u00e0 retourner le dossier pour voir si cela n\u2019arrange pas votre probl\u00e8me. Au contraire, vous n\u2019avez pas la chance de pouvoir d\u00e9tacher le dossier du reste du meuble, il vous reste encore la solution suivante\u00a0:<\/p>\n<ul>\n<li>\n<h3><strong>Remplacer la mousse de son canap\u00e9 <\/strong><\/h3>\n<\/li>\n<\/ul>\n<p>Il est possible de remplacer la mousse des canap\u00e9s dont le dossier et le matelas ne sont pas solidaires du reste du meuble. Voici donc les 4 types de mousses que vous pourrez utiliser\u00a0:<\/p>\n<ul>\n<li>Le\u00a0\u00a0<strong>polyur\u00e9thane souple<\/strong>: la plus connue du public et le plus souvent utilis\u00e9e pour les matelas par exemple.<\/li>\n<li>La mousse <strong>poly\u00e9ther<\/strong>: ferme et souple \u00e0 la fois, celle-ci procure un grand confort d\u2019assise.<\/li>\n<li>Le\u00a0<strong>polyur\u00e9thane haute r\u00e9silience<\/strong>: plus ferme que sa cons\u0153ur, elle est moins utilis\u00e9e dans les si\u00e8ges de canap\u00e9s \u00e0 cause de sa duret\u00e9.<\/li>\n<li>La mousse <strong>\u00e0 m\u00e9moire de forme<\/strong>: pour que votre sofa s\u2019adapte \u00e0 votre position\u00a0! En voil\u00e0 une mousse intelligente\u00a0!<\/li>\n<\/ul>\n<p>Cette fois-ci, j\u2019esp\u00e8re que vous avez r\u00e9ussi \u00e0 r\u00e9gler le probl\u00e8me de confort de votre canap\u00e9.<\/p>\n<p>Toujours pas\u00a0? Dans ce cas-l\u00e0, il ne reste plus qu\u2019une <strong>ultime solution<\/strong>\u2026<\/p>\n<h2>Ultime approche\u00a0: \u2026Changer de canap\u00e9 design<\/h2>\n<p><img loading=\"lazy\" class=\"alignnone size-large wp-image-1053 aligncenter\" src=\"https:\/\/delormdesign.com\/blog\/wp-content\/uploads\/2018\/07\/canape-design-confortable-en-changer-1024x683.jpg\" alt=\"canap\u00e9 design confortable ultime approche en changer\" width=\"980\" height=\"654\" srcset=\"https:\/\/delormdesign.com\/blog\/wp-content\/uploads\/2018\/07\/canape-design-confortable-en-changer-1024x683.jpg 1024w, https:\/\/delormdesign.com\/blog\/wp-content\/uploads\/2018\/07\/canape-design-confortable-en-changer-300x200.jpg 300w, https:\/\/delormdesign.com\/blog\/wp-content\/uploads\/2018\/07\/canape-design-confortable-en-changer-768x512.jpg 768w, https:\/\/delormdesign.com\/blog\/wp-content\/uploads\/2018\/07\/canape-design-confortable-en-changer-940x627.jpg 940w\" sizes=\"(max-width: 980px) 100vw, 980px\" \/><\/p>\n<p>Aux grands mots les grands rem\u00e8des\u00a0! Peut-\u00eatre que votre sofa\u00a0 a fait son temps\u00a0? Il est s\u00fbrement <strong>temps de vous en s\u00e9parer<\/strong>\u2026 Tous les souvenirs qui l\u2019accompagnent\u00a0: la fois o\u00f9 m\u00e9m\u00e9 a renvers\u00e9 son th\u00e9 sur l\u2019accoudoir\u2026 Quand le petit Th\u00e9o s\u2019est amus\u00e9 \u00e0 colorier le velours avec ses nouveaux feutres\u2026 Les samedis et leurs soir\u00e9es cin\u00e9ma avec les voisins dans le salon\u2026 C\u2019est dur, oui, mais nous avons <strong>de quoi vous remonter le moral<\/strong>.<\/p>\n<p>Nous vous donnons rendez-vous sur notre boutique en ligne <a href=\"https:\/\/delormdesign.com\/\">Delorm Design<\/a> pour adopter (et par adopter, nous voulons dire acheter) un nouveau compagnon pour votre maison. Profitez de nos promotions de l\u2019\u00e9t\u00e9 pour jeter un \u0153il \u00e0 notre collection de <a href=\"https:\/\/delormdesign.com\/177-canapes-design\">canap\u00e9s design<\/a>\u00a0: vous disposez d\u2019un large choix de mobiliers \u00e0 prix r\u00e9duits et de ventes sp\u00e9ciales.<\/p>\n<p>Pour plus d\u2019informations, n\u2019h\u00e9sitez pas \u00e0 nous contacter via notre adresse mail <a href=\"mailto:contact@delormdesign.com\">contact@delormdesign.com<\/a> ou sur notre num\u00e9ro au 05 16 57 69 21.<\/p>\n<p>Le mot de la fin serait de vous conseiller de <b>donner votre assise \u00e0 quelqu\u2019un\u00a0dans le besoin<\/b>\u00a0: peut-\u00eatre fera-t-elle le bonheur d\u2019un autre\u00a0? Et comme on dit, une de donn\u00e9e, dix de retrouv\u00e9es\u00a0!<\/p>\n<p>\u00c0 lire sur le m\u00eame sujet:<\/p>\n<ul>\n<li><a href=\"https:\/\/delormdesign.com\/blog\/canape-design\/\">Canap\u00e9 design: comment bien le choisir ?\u00a0<\/a><\/li>\n<li><a href=\"https:\/\/delormdesign.com\/blog\/canape-design\/canape-design-destockage-ou-trouver-les-meilleures-affaires\/\">Canap\u00e9 design d\u00e9stockage: o\u00f9 trouver les meilleures affaires ?\u00a0<\/a><\/li>\n<li><a href=\"https:\/\/delormdesign.com\/blog\/canape-design\/le-canape-design-italien-un-meuble-dexception\/\">Le canap\u00e9 design italien: un meuble d&#8217;exception\u00a0<\/a><\/li>\n<\/ul>\n","protected":false},"excerpt":{"rendered":"<p>Vous serez s\u00fbrement d\u2019accord\u00a0: il n\u2019y a rien de plus aga\u00e7ant et d\u00e9sagr\u00e9able qu\u2019un canap\u00e9 qui nous donne mal au dos ou dans lequel on rechigne \u00e0 s\u2019asseoir. Et qui dit dos coinc\u00e9 dit torticolis, puis vient la fatigue et finalement\u00a0: nous n\u2019en pouvons plus de ce maudit sofa\u00a0! Si comme nous, vous avez mal [&hellip;]<\/p>\n","protected":false},"author":12,"featured_media":0,"parent":1013,"menu_order":0,"comment_status":"closed","ping_status":"closed","template":"","meta":[],"categories":[],"tags":[],"yoast_head":"<!-- This site is optimized with the Yoast SEO plugin v19.3 - https:\/\/yoast.com\/wordpress\/plugins\/seo\/ -->\n<title>Comment rendre un canap\u00e9 design plus confortable ? &bull; Blog Design Jardin &amp; Int\u00e9rieur | Tendance D\u00e9co<\/title>\n<meta name=\"description\" content=\"Si vous avez mal au c\u0153ur \u00e0 l\u2019id\u00e9e de jeter ce canap\u00e9 dans lequel vous avez investi : cet article est fait pour vous. Retroussez vos manches pour le r\u00e9nover!\" \/>\n<meta name=\"robots\" content=\"index, follow, max-snippet:-1, max-image-preview:large, max-video-preview:-1\" \/>\n<link rel=\"canonical\" href=\"https:\/\/delormdesign.com\/blog\/canape-design\/comment-rendre-un-canape-design-plus-confortable\/\" \/>\n<meta property=\"og:locale\" content=\"fr_FR\" \/>\n<meta property=\"og:type\" content=\"article\" \/>\n<meta property=\"og:title\" content=\"Comment rendre un canap\u00e9 design plus confortable ? &bull; Blog Design Jardin &amp; Int\u00e9rieur | Tendance D\u00e9co\" \/>\n<meta property=\"og:description\" content=\"Si vous avez mal au c\u0153ur \u00e0 l\u2019id\u00e9e de jeter ce canap\u00e9 dans lequel vous avez investi : cet article est fait pour vous. Retroussez vos manches pour le r\u00e9nover!\" \/>\n<meta property=\"og:url\" content=\"https:\/\/delormdesign.com\/blog\/canape-design\/comment-rendre-un-canape-design-plus-confortable\/\" \/>\n<meta property=\"og:site_name\" content=\"Blog Design Jardin &amp; Int\u00e9rieur | Tendance D\u00e9co\" \/>\n<meta property=\"article:publisher\" content=\"https:\/\/www.facebook.com\/delormdesign\/\" \/>\n<meta property=\"article:modified_time\" content=\"2020-06-30T14:49:00+00:00\" \/>\n<meta property=\"og:image\" content=\"https:\/\/delormdesign.com\/blog\/wp-content\/uploads\/2018\/07\/canape-design-confortable-astuces-1024x731.jpg\" \/>\n<meta name=\"twitter:card\" content=\"summary\" \/>\n<meta name=\"twitter:label1\" content=\"Est. reading time\" \/>\n\t<meta name=\"twitter:data1\" content=\"6 minutes\" \/>\n<script type=\"application\/ld+json\" class=\"yoast-schema-graph\">{\"@context\":\"https:\/\/schema.org\",\"@graph\":[{\"@type\":\"WebSite\",\"@id\":\"https:\/\/delormdesign.com\/blog\/#website\",\"url\":\"https:\/\/delormdesign.com\/blog\/\",\"name\":\"Blog Design Jardin &amp; Int\u00e9rieur | Tendance D\u00e9co\",\"description\":\"Jardin &amp; Int\u00e9rieur | Tendance D\u00e9co\",\"potentialAction\":[{\"@type\":\"SearchAction\",\"target\":{\"@type\":\"EntryPoint\",\"urlTemplate\":\"https:\/\/delormdesign.com\/blog\/?s={search_term_string}\"},\"query-input\":\"required name=search_term_string\"}],\"inLanguage\":\"fr-FR\"},{\"@type\":\"ImageObject\",\"inLanguage\":\"fr-FR\",\"@id\":\"https:\/\/delormdesign.com\/blog\/canape-design\/comment-rendre-un-canape-design-plus-confortable\/#primaryimage\",\"url\":\"https:\/\/delormdesign.com\/blog\/wp-content\/uploads\/2018\/07\/canape-design-confortable-astuces.jpg\",\"contentUrl\":\"https:\/\/delormdesign.com\/blog\/wp-content\/uploads\/2018\/07\/canape-design-confortable-astuces.jpg\",\"width\":2401,\"height\":1713,\"caption\":\"canap\u00e9 design confortable nos astuces\"},{\"@type\":\"WebPage\",\"@id\":\"https:\/\/delormdesign.com\/blog\/canape-design\/comment-rendre-un-canape-design-plus-confortable\/\",\"url\":\"https:\/\/delormdesign.com\/blog\/canape-design\/comment-rendre-un-canape-design-plus-confortable\/\",\"name\":\"Comment rendre un canap\u00e9 design plus confortable ? &bull; Blog Design Jardin &amp; Int\u00e9rieur | Tendance D\u00e9co\",\"isPartOf\":{\"@id\":\"https:\/\/delormdesign.com\/blog\/#website\"},\"primaryImageOfPage\":{\"@id\":\"https:\/\/delormdesign.com\/blog\/canape-design\/comment-rendre-un-canape-design-plus-confortable\/#primaryimage\"},\"datePublished\":\"2018-07-18T12:12:53+00:00\",\"dateModified\":\"2020-06-30T14:49:00+00:00\",\"description\":\"Si vous avez mal au c\u0153ur \u00e0 l\u2019id\u00e9e de jeter ce canap\u00e9 dans lequel vous avez investi : cet article est fait pour vous. Retroussez vos manches pour le r\u00e9nover!\",\"breadcrumb\":{\"@id\":\"https:\/\/delormdesign.com\/blog\/canape-design\/comment-rendre-un-canape-design-plus-confortable\/#breadcrumb\"},\"inLanguage\":\"fr-FR\",\"potentialAction\":[{\"@type\":\"ReadAction\",\"target\":[\"https:\/\/delormdesign.com\/blog\/canape-design\/comment-rendre-un-canape-design-plus-confortable\/\"]}]},{\"@type\":\"BreadcrumbList\",\"@id\":\"https:\/\/delormdesign.com\/blog\/canape-design\/comment-rendre-un-canape-design-plus-confortable\/#breadcrumb\",\"itemListElement\":[{\"@type\":\"ListItem\",\"position\":1,\"name\":\"Accueil\",\"item\":\"https:\/\/delormdesign.com\/blog\/\"},{\"@type\":\"ListItem\",\"position\":2,\"name\":\"Canap\u00e9 design : comment bien le choisir ?\",\"item\":\"https:\/\/delormdesign.com\/blog\/canape-design\/\"},{\"@type\":\"ListItem\",\"position\":3,\"name\":\"Comment rendre un canap\u00e9 design plus confortable ?\"}]}]}<\/script>\n<!-- \/ Yoast SEO plugin. -->","yoast_head_json":{"title":"Comment rendre un canap\u00e9 design plus confortable ? &bull; Blog Design Jardin &amp; Int\u00e9rieur | Tendance D\u00e9co","description":"Si vous avez mal au c\u0153ur \u00e0 l\u2019id\u00e9e de jeter ce canap\u00e9 dans lequel vous avez investi : cet article est fait pour vous. Retroussez vos manches pour le r\u00e9nover!","robots":{"index":"index","follow":"follow","max-snippet":"max-snippet:-1","max-image-preview":"max-image-preview:large","max-video-preview":"max-video-preview:-1"},"canonical":"https:\/\/delormdesign.com\/blog\/canape-design\/comment-rendre-un-canape-design-plus-confortable\/","og_locale":"fr_FR","og_type":"article","og_title":"Comment rendre un canap\u00e9 design plus confortable ? &bull; Blog Design Jardin &amp; Int\u00e9rieur | Tendance D\u00e9co","og_description":"Si vous avez mal au c\u0153ur \u00e0 l\u2019id\u00e9e de jeter ce canap\u00e9 dans lequel vous avez investi : cet article est fait pour vous. Retroussez vos manches pour le r\u00e9nover!","og_url":"https:\/\/delormdesign.com\/blog\/canape-design\/comment-rendre-un-canape-design-plus-confortable\/","og_site_name":"Blog Design Jardin &amp; Int\u00e9rieur | Tendance D\u00e9co","article_publisher":"https:\/\/www.facebook.com\/delormdesign\/","article_modified_time":"2020-06-30T14:49:00+00:00","og_image":[{"url":"https:\/\/delormdesign.com\/blog\/wp-content\/uploads\/2018\/07\/canape-design-confortable-astuces-1024x731.jpg"}],"twitter_card":"summary","twitter_misc":{"Est. reading time":"6 minutes"},"schema":{"@context":"https:\/\/schema.org","@graph":[{"@type":"WebSite","@id":"https:\/\/delormdesign.com\/blog\/#website","url":"https:\/\/delormdesign.com\/blog\/","name":"Blog Design Jardin &amp; Int\u00e9rieur | Tendance D\u00e9co","description":"Jardin &amp; Int\u00e9rieur | Tendance D\u00e9co","potentialAction":[{"@type":"SearchAction","target":{"@type":"EntryPoint","urlTemplate":"https:\/\/delormdesign.com\/blog\/?s={search_term_string}"},"query-input":"required name=search_term_string"}],"inLanguage":"fr-FR"},{"@type":"ImageObject","inLanguage":"fr-FR","@id":"https:\/\/delormdesign.com\/blog\/canape-design\/comment-rendre-un-canape-design-plus-confortable\/#primaryimage","url":"https:\/\/delormdesign.com\/blog\/wp-content\/uploads\/2018\/07\/canape-design-confortable-astuces.jpg","contentUrl":"https:\/\/delormdesign.com\/blog\/wp-content\/uploads\/2018\/07\/canape-design-confortable-astuces.jpg","width":2401,"height":1713,"caption":"canap\u00e9 design confortable nos astuces"},{"@type":"WebPage","@id":"https:\/\/delormdesign.com\/blog\/canape-design\/comment-rendre-un-canape-design-plus-confortable\/","url":"https:\/\/delormdesign.com\/blog\/canape-design\/comment-rendre-un-canape-design-plus-confortable\/","name":"Comment rendre un canap\u00e9 design plus confortable ? &bull; Blog Design Jardin &amp; Int\u00e9rieur | Tendance D\u00e9co","isPartOf":{"@id":"https:\/\/delormdesign.com\/blog\/#website"},"primaryImageOfPage":{"@id":"https:\/\/delormdesign.com\/blog\/canape-design\/comment-rendre-un-canape-design-plus-confortable\/#primaryimage"},"datePublished":"2018-07-18T12:12:53+00:00","dateModified":"2020-06-30T14:49:00+00:00","description":"Si vous avez mal au c\u0153ur \u00e0 l\u2019id\u00e9e de jeter ce canap\u00e9 dans lequel vous avez investi : cet article est fait pour vous. Retroussez vos manches pour le r\u00e9nover!","breadcrumb":{"@id":"https:\/\/delormdesign.com\/blog\/canape-design\/comment-rendre-un-canape-design-plus-confortable\/#breadcrumb"},"inLanguage":"fr-FR","potentialAction":[{"@type":"ReadAction","target":["https:\/\/delormdesign.com\/blog\/canape-design\/comment-rendre-un-canape-design-plus-confortable\/"]}]},{"@type":"BreadcrumbList","@id":"https:\/\/delormdesign.com\/blog\/canape-design\/comment-rendre-un-canape-design-plus-confortable\/#breadcrumb","itemListElement":[{"@type":"ListItem","position":1,"name":"Accueil","item":"https:\/\/delormdesign.com\/blog\/"},{"@type":"ListItem","position":2,"name":"Canap\u00e9 design : comment bien le choisir ?","item":"https:\/\/delormdesign.com\/blog\/canape-design\/"},{"@type":"ListItem","position":3,"name":"Comment rendre un canap\u00e9 design plus confortable ?"}]}]}},"amp_enabled":true,"_links":{"self":[{"href":"https:\/\/delormdesign.com\/blog\/wp-json\/wp\/v2\/pages\/1042"}],"collection":[{"href":"https:\/\/delormdesign.com\/blog\/wp-json\/wp\/v2\/pages"}],"about":[{"href":"https:\/\/delormdesign.com\/blog\/wp-json\/wp\/v2\/types\/page"}],"author":[{"embeddable":true,"href":"https:\/\/delormdesign.com\/blog\/wp-json\/wp\/v2\/users\/12"}],"replies":[{"embeddable":true,"href":"https:\/\/delormdesign.com\/blog\/wp-json\/wp\/v2\/comments?post=1042"}],"version-history":[{"count":0,"href":"https:\/\/delormdesign.com\/blog\/wp-json\/wp\/v2\/pages\/1042\/revisions"}],"up":[{"embeddable":true,"href":"https:\/\/delormdesign.com\/blog\/wp-json\/wp\/v2\/pages\/1013"}],"wp:attachment":[{"href":"https:\/\/delormdesign.com\/blog\/wp-json\/wp\/v2\/media?parent=1042"}],"wp:term":[{"taxonomy":"category","embeddable":true,"href":"https:\/\/delormdesign.com\/blog\/wp-json\/wp\/v2\/categories?post=1042"},{"taxonomy":"post_tag","embeddable":true,"href":"https:\/\/delormdesign.com\/blog\/wp-json\/wp\/v2\/tags?post=1042"}],"curies":[{"name":"wp","href":"https:\/\/api.w.org\/{rel}","templated":true}]}}