{"id":1183,"date":"2018-07-18T12:13:42","date_gmt":"2018-07-18T12:13:42","guid":{"rendered":"https:\/\/delormdesign.com\/blog\/?page_id=1183"},"modified":"2021-06-26T09:15:57","modified_gmt":"2021-06-26T09:15:57","slug":"canape-alinea","status":"publish","type":"page","link":"https:\/\/delormdesign.com\/blog\/acheter-canape\/canape-alinea\/","title":{"rendered":"Pourquoi acheter un canap\u00e9 chez Alin\u00e9a ?"},"content":{"rendered":"<p>Cela fait maintenant plus de 25 ans qu\u2019Alin\u00e9a est pr\u00e9sente sur le march\u00e9 de <strong>la d\u00e9coration d\u2019int\u00e9rieur et de jardin<\/strong>. Apr\u00e8s une rapide expansion entre 1989 et 2014, son succ\u00e8s a \u00e9t\u00e9 boost\u00e9 aupr\u00e8s d\u2019un public jeune \u00e0 l\u2019aff\u00fbt des nouveaut\u00e9s propos\u00e9es par la firme.<\/p>\n<p>Aujourd\u2019hui, nous vous d\u00e9taillons pourquoi il serait judicieux d\u2019acheter un canap\u00e9 chez Alin\u00e9a. En passant par l\u2019histoire de la bo\u00eete, des avantages qu\u2019elle propose et des autres alternatives disponibles.<\/p>\n<h2>L\u2019histoire de l\u2019enseigne<\/h2>\n<p>Alin\u00e9a est une enseigne fran\u00e7aise sp\u00e9cialis\u00e9e dans <strong>l\u2019ameublement et la d\u00e9coration<\/strong>. Appartenant au groupe Auchan, son histoire a d\u00e9marr\u00e9 en 1989 \u00e0 Avignon. La marque a ensuite lanc\u00e9 son expansion \u00e0 partir de 1997 \u00e0 Montpellier. Comptant aujourd\u2019hui plus de 29 magasins en France, l\u2019enseigne continue de cro\u00eetre et s\u2019impose comme <strong>l\u2019un des principaux acteurs<\/strong> sur le march\u00e9 du mobilier d\u2019int\u00e9rieur et d\u2019ext\u00e9rieur.<\/p>\n<p>La vision et le concept de l\u2019enseigne consistent \u00e0 vendre au grand public un large choix de mobiliers et de d\u00e9corations tendances <strong>\u00e0 des prix bas<\/strong>. Il peut s\u2019agir de mobilier, de luminaires en aluminium, de textiles ou encore de vaisselle empilable.<\/p>\n<p>L\u2019enseigne doit son succ\u00e8s en partie \u00e0 une \u00e9mission de d\u00e9co sur une cha\u00eene montante du paysage audiovisuel fran\u00e7ais. Elle propose un <strong>concept d\u2019habitat jeune et de mobilier contemporain<\/strong>. Pour se d\u00e9marquer, elle s\u2019est bas\u00e9e sur la vente de produits au meilleur rapport qualit\u00e9 prix. Enfin, son personnel tr\u00e8s \u00e0 l\u2019\u00e9coute de la client\u00e8le et les espaces mis \u00e0 disposition des enfants dans les magasins ont r\u00e9ussi \u00e0 <strong>dorer l\u2019image de l\u2019enseigne<\/strong>.<\/p>\n<p><img loading=\"lazy\" class=\"alignnone size-large wp-image-1189 aligncenter\" src=\"https:\/\/delormdesign.com\/blog\/wp-content\/uploads\/2018\/07\/acheter-canape-alinea-histoire-1024x683.jpg\" alt=\"acheter un canap\u00e9 chez alin\u00e9a histoire de la bo\u00eete\" width=\"980\" height=\"654\" srcset=\"https:\/\/delormdesign.com\/blog\/wp-content\/uploads\/2018\/07\/acheter-canape-alinea-histoire-1024x683.jpg 1024w, https:\/\/delormdesign.com\/blog\/wp-content\/uploads\/2018\/07\/acheter-canape-alinea-histoire-300x200.jpg 300w, https:\/\/delormdesign.com\/blog\/wp-content\/uploads\/2018\/07\/acheter-canape-alinea-histoire-768x512.jpg 768w, https:\/\/delormdesign.com\/blog\/wp-content\/uploads\/2018\/07\/acheter-canape-alinea-histoire-940x627.jpg 940w\" sizes=\"(max-width: 980px) 100vw, 980px\" \/><\/p>\n<p>Ik\u00e9a, principal concurrent de l\u2019enseigne originaire d\u2019Avignon, met \u00e9galement en sc\u00e8ne le mobilier\u00a0: mais la firme garde tout de m\u00eame son <strong>style tr\u00e8s fran\u00e7ais<\/strong>. Tr\u00e8s inspir\u00e9 de son concurrent su\u00e9dois, le magasin se compose de rayons de pr\u00e9sentation sur 2 niveaux, des accessoires et des mobiliers vendus en kit en libre acc\u00e8s, sans oublier d\u2019un service de restauration.<\/p>\n<p>Dans une d\u00e9marche de d\u00e9veloppement durable et de protection de l\u2019environnement, certains mobiliers sont labellis\u00e9s \u00ab\u00a0Bio\u00a0\u00bb et construits avec des mati\u00e8res d\u2019origines naturelles. La bo\u00eete s\u2019est \u00e9galement engag\u00e9e \u00e0 <strong>diminuer sa consommation d\u2019\u00e9nergie<\/strong> en privil\u00e9giant les voies ferr\u00e9es pour la livraison des produits plut\u00f4t que les transports routiers (bien plus polluants).<\/p>\n<h2>3 raisons d\u2019acheter un canap\u00e9 Alin\u00e9a<\/h2>\n<h3>Un large choix de canap\u00e9s utiles<\/h3>\n<p>Le site est divis\u00e9 en plusieurs cat\u00e9gories, la premi\u00e8re \u00e9tant celle des canap\u00e9s. En s\u00e9lectionnant cette cat\u00e9gorie, nous disposons d\u2019un large panel de canap\u00e9s tri\u00e9s selon leur utilit\u00e9. En voici quelques exemples\u00a0:<\/p>\n<ul>\n<li><strong>Des canap\u00e9s et fauteuils convertibles<\/strong>: pratiques pour un gain de place et d\u2019argent, ces mod\u00e8les proposent de se transformer en lit ou en espace de rangement.<\/li>\n<li><strong>Sofas et fauteuils droits<\/strong>: les formats classiques, pr\u00e9sents dans la plupart des salons.<\/li>\n<li><strong>Des canap\u00e9s avec des fauteuils d\u2019angles<\/strong>: plus larges et plus volumineux, ceux-l\u00e0 prennent place dans des salons avec plus d\u2019espace et moins de mobilier.<\/li>\n<li><strong>Sofas et fauteuils en tissus et en cuir<\/strong>: il s\u2019agit l\u00e0 des 2 mati\u00e8res les plus fr\u00e9quemment utilis\u00e9es dans la conception de canap\u00e9s.<\/li>\n<li><strong>Des clic-clacs, BZ<\/strong>: moins chers que les canap\u00e9s convertibles, ils permettent n\u00e9anmoins de disposer d\u2019un couchage suppl\u00e9mentaire dans une pi\u00e8ce.<\/li>\n<\/ul>\n<h3>Des prix tr\u00e8s concurrentiels<\/h3>\n<p>L\u2019enseigne vend des meubles d\u2019int\u00e9rieur \u00e0 un <strong>prix assez bas par rapport \u00e0 ce qui se fait sur le reste du march\u00e9<\/strong>. C\u2019est en partie pourquoi sa client\u00e8le cible est assez jeune. En effet, pour l\u2019achat d\u2019un canap\u00e9 d\u2019angle, qui est l\u2019un des mod\u00e8les les plus chers du site, le prix ne s\u2019\u00e9l\u00e8ve qu\u2019\u00e0 3000\u20ac maximum. Le prix du mod\u00e8le de sofa le moins cher du site s\u2019\u00e9l\u00e8ve \u00e0 25\u20ac. C\u2019est en se basant sur du <strong>mobilier moyen de gamme<\/strong> que l\u2019enseigne a b\u00e2ti son succ\u00e8s\u00a0: la franchise propose des meubles de qualit\u00e9 pour un <strong>rapport qualit\u00e9 prix qui d\u00e9fie la concurrence<\/strong>.<\/p>\n<h3><img loading=\"lazy\" class=\"alignnone size-large wp-image-1191 aligncenter\" src=\"https:\/\/delormdesign.com\/blog\/wp-content\/uploads\/2018\/07\/acheter-canape-alinea-bas-prix-1024x576.jpg\" alt=\"acheter un canap\u00e9 chez alin\u00e9a \u00e0 bas prix\" width=\"980\" height=\"551\" srcset=\"https:\/\/delormdesign.com\/blog\/wp-content\/uploads\/2018\/07\/acheter-canape-alinea-bas-prix-1024x576.jpg 1024w, https:\/\/delormdesign.com\/blog\/wp-content\/uploads\/2018\/07\/acheter-canape-alinea-bas-prix-300x169.jpg 300w, https:\/\/delormdesign.com\/blog\/wp-content\/uploads\/2018\/07\/acheter-canape-alinea-bas-prix-768x432.jpg 768w, https:\/\/delormdesign.com\/blog\/wp-content\/uploads\/2018\/07\/acheter-canape-alinea-bas-prix-940x529.jpg 940w\" sizes=\"(max-width: 980px) 100vw, 980px\" \/><\/h3>\n<h3>La qualit\u00e9 des produits et du service<\/h3>\n<p>Le taux de satisfaction des clients est tr\u00e8s \u00e9lev\u00e9. Il peut \u00eatre expliqu\u00e9 par la grande <strong>qualit\u00e9 du service client<\/strong>, avec une livraison gratuite en magasin, un paiement s\u00e9curis\u00e9 en 3 fois sans frais, 30 jours pour changer d\u2019avis apr\u00e8s achat et b\u00e9n\u00e9ficier d\u2019un retour gratuit.<\/p>\n<p>Les commandes sont s\u00e9curis\u00e9es, livr\u00e9es \u00e0 temps et faciles \u00e0 r\u00e9cup\u00e9rer aupr\u00e8s d\u2019un relais ou d\u2019un fournisseur. Vous pourrez \u00e9galement <strong>profiter des promotions<\/strong> disponibles pendant les soldes sur le site internet de l\u2019entreprise\u00a0!<\/p>\n<h2>Delorm Design, une alternative pour votre canap\u00e9<\/h2>\n<p><img loading=\"lazy\" class=\"alignnone size-large wp-image-1193 aligncenter\" src=\"https:\/\/delormdesign.com\/blog\/wp-content\/uploads\/2018\/07\/alternative-delorm-design-canape-1024x575.jpg\" alt=\"Acheter un canap\u00e9 chez Delorm Design comme alternative\" width=\"980\" height=\"550\" srcset=\"https:\/\/delormdesign.com\/blog\/wp-content\/uploads\/2018\/07\/alternative-delorm-design-canape-1024x575.jpg 1024w, https:\/\/delormdesign.com\/blog\/wp-content\/uploads\/2018\/07\/alternative-delorm-design-canape-300x169.jpg 300w, https:\/\/delormdesign.com\/blog\/wp-content\/uploads\/2018\/07\/alternative-delorm-design-canape-768x432.jpg 768w, https:\/\/delormdesign.com\/blog\/wp-content\/uploads\/2018\/07\/alternative-delorm-design-canape-940x528.jpg 940w, https:\/\/delormdesign.com\/blog\/wp-content\/uploads\/2018\/07\/alternative-delorm-design-canape.jpg 1500w\" sizes=\"(max-width: 980px) 100vw, 980px\" \/><\/p>\n<p>Professionnel de la d\u00e9coration et de l\u2019ameublement int\u00e9rieur, <a href=\"https:\/\/delormdesign.com\/\">Delorm Design<\/a> vous aide dans votre choix de nouveau sofa. Profitez de <a href=\"https:\/\/delormdesign.com\/promotions\">nos promotions du moment<\/a> pour relooker votre int\u00e9rieur pour l\u2019\u00e9t\u00e9\u00a0! En ce moment, un code promo secret se trouve sur notre site pour gagner 5% de r\u00e9duction sur votre prochaine commande.<\/p>\n<p>Toutes nos collections de fauteuils, de tables basses et autre mobilier de jardin sont s\u00e9lectionn\u00e9s pour vous \u00eatre propos\u00e9s par nos soins.<\/p>\n<p>Nous vous donnons donc rendez-vous sur notre boutique en ligne dans la cat\u00e9gorie des <a href=\"https:\/\/delormdesign.com\/177-canape-design\">canap\u00e9s design<\/a> pour trouver le mod\u00e8le qui vous correspond. B\u00e9n\u00e9ficiez \u00e9galement d\u2019une livraison gratuite et directe, ainsi que d\u2019un paiement en 3 fois sans frais\u00a0par carte ou par ch\u00e8que !<\/p>\n<p>\u00c0 lire sur le m\u00eame sujet:<\/p>\n<ul>\n<li><a href=\"https:\/\/delormdesign.com\/blog\/acheter-canape\/\">O\u00f9 acheter son canap\u00e9 ?<\/a><\/li>\n<li><a href=\"https:\/\/delormdesign.com\/blog\/acheter-canape\/canape-dangle\/\">Choisir son canap\u00e9 d&#8217;angle en 4 \u00e9tapes<\/a><\/li>\n<li><a href=\"https:\/\/delormdesign.com\/blog\/acheter-canape\/ou-acheter-un-bon-canape-pas-trop-cher\/\">O\u00f9 acheter un bon canap\u00e9 pas trop cher ?<\/a><\/li>\n<\/ul>\n","protected":false},"excerpt":{"rendered":"<p>Cela fait maintenant plus de 25 ans qu\u2019Alin\u00e9a est pr\u00e9sente sur le march\u00e9 de la d\u00e9coration d\u2019int\u00e9rieur et de jardin. Apr\u00e8s une rapide expansion entre 1989 et 2014, son succ\u00e8s a \u00e9t\u00e9 boost\u00e9 aupr\u00e8s d\u2019un public jeune \u00e0 l\u2019aff\u00fbt des nouveaut\u00e9s propos\u00e9es par la firme. Aujourd\u2019hui, nous vous d\u00e9taillons pourquoi il serait judicieux d\u2019acheter un [&hellip;]<\/p>\n","protected":false},"author":12,"featured_media":0,"parent":880,"menu_order":0,"comment_status":"closed","ping_status":"closed","template":"","meta":[],"categories":[],"tags":[],"yoast_head":"<!-- This site is optimized with the Yoast SEO plugin v19.3 - https:\/\/yoast.com\/wordpress\/plugins\/seo\/ -->\n<title>Pourquoi acheter un canap\u00e9 chez Alin\u00e9a ? &bull; Blog Design Jardin &amp; Int\u00e9rieur | Tendance D\u00e9co<\/title>\n<meta name=\"description\" content=\"Nous vous d\u00e9taillons pourquoi il serait judicieux d\u2019acheter un canap\u00e9 Alin\u00e9a: l\u2019histoire de la bo\u00eete, ses avantages et les autres alternatives existantes.\" \/>\n<meta name=\"robots\" content=\"index, follow, max-snippet:-1, max-image-preview:large, max-video-preview:-1\" \/>\n<link rel=\"canonical\" href=\"https:\/\/delormdesign.com\/blog\/acheter-canape\/canape-alinea\/\" \/>\n<meta property=\"og:locale\" content=\"fr_FR\" \/>\n<meta property=\"og:type\" content=\"article\" \/>\n<meta property=\"og:title\" content=\"Pourquoi acheter un canap\u00e9 chez Alin\u00e9a ? &bull; Blog Design Jardin &amp; Int\u00e9rieur | Tendance D\u00e9co\" \/>\n<meta property=\"og:description\" content=\"Nous vous d\u00e9taillons pourquoi il serait judicieux d\u2019acheter un canap\u00e9 Alin\u00e9a: l\u2019histoire de la bo\u00eete, ses avantages et les autres alternatives existantes.\" \/>\n<meta property=\"og:url\" content=\"https:\/\/delormdesign.com\/blog\/acheter-canape\/canape-alinea\/\" \/>\n<meta property=\"og:site_name\" content=\"Blog Design Jardin &amp; Int\u00e9rieur | Tendance D\u00e9co\" \/>\n<meta property=\"article:publisher\" content=\"https:\/\/www.facebook.com\/delormdesign\/\" \/>\n<meta property=\"article:modified_time\" content=\"2021-06-26T09:15:57+00:00\" \/>\n<meta property=\"og:image\" content=\"https:\/\/delormdesign.com\/blog\/wp-content\/uploads\/2018\/07\/acheter-canape-alinea-histoire-1024x683.jpg\" \/>\n<meta name=\"twitter:card\" content=\"summary\" \/>\n<meta name=\"twitter:label1\" content=\"Est. reading time\" \/>\n\t<meta name=\"twitter:data1\" content=\"5 minutes\" \/>\n<script type=\"application\/ld+json\" class=\"yoast-schema-graph\">{\"@context\":\"https:\/\/schema.org\",\"@graph\":[{\"@type\":\"WebSite\",\"@id\":\"https:\/\/delormdesign.com\/blog\/#website\",\"url\":\"https:\/\/delormdesign.com\/blog\/\",\"name\":\"Blog Design Jardin &amp; Int\u00e9rieur | Tendance D\u00e9co\",\"description\":\"Jardin &amp; Int\u00e9rieur | Tendance D\u00e9co\",\"potentialAction\":[{\"@type\":\"SearchAction\",\"target\":{\"@type\":\"EntryPoint\",\"urlTemplate\":\"https:\/\/delormdesign.com\/blog\/?s={search_term_string}\"},\"query-input\":\"required name=search_term_string\"}],\"inLanguage\":\"fr-FR\"},{\"@type\":\"ImageObject\",\"inLanguage\":\"fr-FR\",\"@id\":\"https:\/\/delormdesign.com\/blog\/acheter-canape\/canape-alinea\/#primaryimage\",\"url\":\"https:\/\/delormdesign.com\/blog\/wp-content\/uploads\/2018\/07\/acheter-canape-alinea-histoire.jpg\",\"contentUrl\":\"https:\/\/delormdesign.com\/blog\/wp-content\/uploads\/2018\/07\/acheter-canape-alinea-histoire.jpg\",\"width\":2560,\"height\":1707,\"caption\":\"acheter un canap\u00e9 chez alin\u00e9a histoire de la bo\u00eete\"},{\"@type\":\"WebPage\",\"@id\":\"https:\/\/delormdesign.com\/blog\/acheter-canape\/canape-alinea\/\",\"url\":\"https:\/\/delormdesign.com\/blog\/acheter-canape\/canape-alinea\/\",\"name\":\"Pourquoi acheter un canap\u00e9 chez Alin\u00e9a ? &bull; Blog Design Jardin &amp; Int\u00e9rieur | Tendance D\u00e9co\",\"isPartOf\":{\"@id\":\"https:\/\/delormdesign.com\/blog\/#website\"},\"primaryImageOfPage\":{\"@id\":\"https:\/\/delormdesign.com\/blog\/acheter-canape\/canape-alinea\/#primaryimage\"},\"datePublished\":\"2018-07-18T12:13:42+00:00\",\"dateModified\":\"2021-06-26T09:15:57+00:00\",\"description\":\"Nous vous d\u00e9taillons pourquoi il serait judicieux d\u2019acheter un canap\u00e9 Alin\u00e9a: l\u2019histoire de la bo\u00eete, ses avantages et les autres alternatives existantes.\",\"breadcrumb\":{\"@id\":\"https:\/\/delormdesign.com\/blog\/acheter-canape\/canape-alinea\/#breadcrumb\"},\"inLanguage\":\"fr-FR\",\"potentialAction\":[{\"@type\":\"ReadAction\",\"target\":[\"https:\/\/delormdesign.com\/blog\/acheter-canape\/canape-alinea\/\"]}]},{\"@type\":\"BreadcrumbList\",\"@id\":\"https:\/\/delormdesign.com\/blog\/acheter-canape\/canape-alinea\/#breadcrumb\",\"itemListElement\":[{\"@type\":\"ListItem\",\"position\":1,\"name\":\"Accueil\",\"item\":\"https:\/\/delormdesign.com\/blog\/\"},{\"@type\":\"ListItem\",\"position\":2,\"name\":\"O\u00f9 acheter son canap\u00e9 ?\",\"item\":\"https:\/\/delormdesign.com\/blog\/acheter-canape\/\"},{\"@type\":\"ListItem\",\"position\":3,\"name\":\"Pourquoi acheter un canap\u00e9 chez Alin\u00e9a ?\"}]}]}<\/script>\n<!-- \/ Yoast SEO plugin. -->","yoast_head_json":{"title":"Pourquoi acheter un canap\u00e9 chez Alin\u00e9a ? &bull; Blog Design Jardin &amp; Int\u00e9rieur | Tendance D\u00e9co","description":"Nous vous d\u00e9taillons pourquoi il serait judicieux d\u2019acheter un canap\u00e9 Alin\u00e9a: l\u2019histoire de la bo\u00eete, ses avantages et les autres alternatives existantes.","robots":{"index":"index","follow":"follow","max-snippet":"max-snippet:-1","max-image-preview":"max-image-preview:large","max-video-preview":"max-video-preview:-1"},"canonical":"https:\/\/delormdesign.com\/blog\/acheter-canape\/canape-alinea\/","og_locale":"fr_FR","og_type":"article","og_title":"Pourquoi acheter un canap\u00e9 chez Alin\u00e9a ? &bull; Blog Design Jardin &amp; Int\u00e9rieur | Tendance D\u00e9co","og_description":"Nous vous d\u00e9taillons pourquoi il serait judicieux d\u2019acheter un canap\u00e9 Alin\u00e9a: l\u2019histoire de la bo\u00eete, ses avantages et les autres alternatives existantes.","og_url":"https:\/\/delormdesign.com\/blog\/acheter-canape\/canape-alinea\/","og_site_name":"Blog Design Jardin &amp; Int\u00e9rieur | Tendance D\u00e9co","article_publisher":"https:\/\/www.facebook.com\/delormdesign\/","article_modified_time":"2021-06-26T09:15:57+00:00","og_image":[{"url":"https:\/\/delormdesign.com\/blog\/wp-content\/uploads\/2018\/07\/acheter-canape-alinea-histoire-1024x683.jpg"}],"twitter_card":"summary","twitter_misc":{"Est. reading time":"5 minutes"},"schema":{"@context":"https:\/\/schema.org","@graph":[{"@type":"WebSite","@id":"https:\/\/delormdesign.com\/blog\/#website","url":"https:\/\/delormdesign.com\/blog\/","name":"Blog Design Jardin &amp; Int\u00e9rieur | Tendance D\u00e9co","description":"Jardin &amp; Int\u00e9rieur | Tendance D\u00e9co","potentialAction":[{"@type":"SearchAction","target":{"@type":"EntryPoint","urlTemplate":"https:\/\/delormdesign.com\/blog\/?s={search_term_string}"},"query-input":"required name=search_term_string"}],"inLanguage":"fr-FR"},{"@type":"ImageObject","inLanguage":"fr-FR","@id":"https:\/\/delormdesign.com\/blog\/acheter-canape\/canape-alinea\/#primaryimage","url":"https:\/\/delormdesign.com\/blog\/wp-content\/uploads\/2018\/07\/acheter-canape-alinea-histoire.jpg","contentUrl":"https:\/\/delormdesign.com\/blog\/wp-content\/uploads\/2018\/07\/acheter-canape-alinea-histoire.jpg","width":2560,"height":1707,"caption":"acheter un canap\u00e9 chez alin\u00e9a histoire de la bo\u00eete"},{"@type":"WebPage","@id":"https:\/\/delormdesign.com\/blog\/acheter-canape\/canape-alinea\/","url":"https:\/\/delormdesign.com\/blog\/acheter-canape\/canape-alinea\/","name":"Pourquoi acheter un canap\u00e9 chez Alin\u00e9a ? &bull; Blog Design Jardin &amp; Int\u00e9rieur | Tendance D\u00e9co","isPartOf":{"@id":"https:\/\/delormdesign.com\/blog\/#website"},"primaryImageOfPage":{"@id":"https:\/\/delormdesign.com\/blog\/acheter-canape\/canape-alinea\/#primaryimage"},"datePublished":"2018-07-18T12:13:42+00:00","dateModified":"2021-06-26T09:15:57+00:00","description":"Nous vous d\u00e9taillons pourquoi il serait judicieux d\u2019acheter un canap\u00e9 Alin\u00e9a: l\u2019histoire de la bo\u00eete, ses avantages et les autres alternatives existantes.","breadcrumb":{"@id":"https:\/\/delormdesign.com\/blog\/acheter-canape\/canape-alinea\/#breadcrumb"},"inLanguage":"fr-FR","potentialAction":[{"@type":"ReadAction","target":["https:\/\/delormdesign.com\/blog\/acheter-canape\/canape-alinea\/"]}]},{"@type":"BreadcrumbList","@id":"https:\/\/delormdesign.com\/blog\/acheter-canape\/canape-alinea\/#breadcrumb","itemListElement":[{"@type":"ListItem","position":1,"name":"Accueil","item":"https:\/\/delormdesign.com\/blog\/"},{"@type":"ListItem","position":2,"name":"O\u00f9 acheter son canap\u00e9 ?","item":"https:\/\/delormdesign.com\/blog\/acheter-canape\/"},{"@type":"ListItem","position":3,"name":"Pourquoi acheter un canap\u00e9 chez Alin\u00e9a ?"}]}]}},"amp_enabled":true,"_links":{"self":[{"href":"https:\/\/delormdesign.com\/blog\/wp-json\/wp\/v2\/pages\/1183"}],"collection":[{"href":"https:\/\/delormdesign.com\/blog\/wp-json\/wp\/v2\/pages"}],"about":[{"href":"https:\/\/delormdesign.com\/blog\/wp-json\/wp\/v2\/types\/page"}],"author":[{"embeddable":true,"href":"https:\/\/delormdesign.com\/blog\/wp-json\/wp\/v2\/users\/12"}],"replies":[{"embeddable":true,"href":"https:\/\/delormdesign.com\/blog\/wp-json\/wp\/v2\/comments?post=1183"}],"version-history":[{"count":1,"href":"https:\/\/delormdesign.com\/blog\/wp-json\/wp\/v2\/pages\/1183\/revisions"}],"predecessor-version":[{"id":2547,"href":"https:\/\/delormdesign.com\/blog\/wp-json\/wp\/v2\/pages\/1183\/revisions\/2547"}],"up":[{"embeddable":true,"href":"https:\/\/delormdesign.com\/blog\/wp-json\/wp\/v2\/pages\/880"}],"wp:attachment":[{"href":"https:\/\/delormdesign.com\/blog\/wp-json\/wp\/v2\/media?parent=1183"}],"wp:term":[{"taxonomy":"category","embeddable":true,"href":"https:\/\/delormdesign.com\/blog\/wp-json\/wp\/v2\/categories?post=1183"},{"taxonomy":"post_tag","embeddable":true,"href":"https:\/\/delormdesign.com\/blog\/wp-json\/wp\/v2\/tags?post=1183"}],"curies":[{"name":"wp","href":"https:\/\/api.w.org\/{rel}","templated":true}]}}