{"id":1314,"date":"2018-07-23T08:59:52","date_gmt":"2018-07-23T08:59:52","guid":{"rendered":"https:\/\/delormdesign.com\/blog\/?page_id=1314"},"modified":"2019-03-02T11:15:31","modified_gmt":"2019-03-02T11:15:31","slug":"salon-de-jardin-design-en-solde","status":"publish","type":"page","link":"https:\/\/delormdesign.com\/blog\/salon-de-jardin-haut-de-gamme\/salon-de-jardin-design-en-solde\/","title":{"rendered":"Profitez des soldes pour votre salon de jardin design"},"content":{"rendered":"<p>Ce n\u2019est pas un secret, <strong>investir dans un salon de jardin<\/strong> pour profiter de son \u00e9t\u00e9 repr\u00e9sente un <strong>investissement cons\u00e9quent<\/strong>. Profiter des soldes pour \u00e9conomiser sur son budget sans se priver se pr\u00e9sente donc comme une occasion et une solution \u00e0 ne pas manquer. Mais o\u00f9 trouver les meilleurs bons plans, les meilleures boutiques pour un ameublement d\u2019ext\u00e9rieur de qualit\u00e9\u00a0? Dans cet article, <strong>nous vous guidons dans votre recherche d\u2019accessoires d\u00e9cos<\/strong> \u00e0 bas prix pour votre espace de jardin\u00a0!<\/p>\n<h2>Choisir son salon de jardin design<\/h2>\n<p>Tout d\u2019abord, savez-vous comment choisir votre salon de jardin esth\u00e9tique\u00a0? \u00c0 quel style vous int\u00e9ressez-vous\u00a0? Quelle est la taille de votre jardin\u00a0? Que souhaitez-vous pouvoir faire dans votre espace de jardin\u00a0? Autant de questions qui n\u00e9cessitent <strong>des r\u00e9ponses bien pr\u00e9cises<\/strong> si vous voulez choisir les meilleures offres avant d\u2019acheter. <strong>Besoin d\u2019un petit r\u00e9cap\u00a0?<\/strong> Suivez le guide\u00a0!<\/p>\n<h3><strong><img loading=\"lazy\" class=\"alignnone size-large wp-image-1319 aligncenter\" src=\"https:\/\/delormdesign.com\/blog\/wp-content\/uploads\/2018\/07\/salon-de-jardin-design-en-solde-1024x680.jpg\" alt=\"Acheter un salon de jardin design en solde\" width=\"980\" height=\"651\" srcset=\"https:\/\/delormdesign.com\/blog\/wp-content\/uploads\/2018\/07\/salon-de-jardin-design-en-solde-1024x680.jpg 1024w, https:\/\/delormdesign.com\/blog\/wp-content\/uploads\/2018\/07\/salon-de-jardin-design-en-solde-300x199.jpg 300w, https:\/\/delormdesign.com\/blog\/wp-content\/uploads\/2018\/07\/salon-de-jardin-design-en-solde-768x510.jpg 768w, https:\/\/delormdesign.com\/blog\/wp-content\/uploads\/2018\/07\/salon-de-jardin-design-en-solde-940x624.jpg 940w, https:\/\/delormdesign.com\/blog\/wp-content\/uploads\/2018\/07\/salon-de-jardin-design-en-solde.jpg 1201w\" sizes=\"(max-width: 980px) 100vw, 980px\" \/><\/strong><\/h3>\n<h3><strong>Opter pour les bons mat\u00e9riaux <\/strong><\/h3>\n<p>Il est important de choisir des mat\u00e9riaux qui <strong>r\u00e9sistent aux attaques naturelles<\/strong>\u00a0: ainsi, votre futur investissement ne sera pas vain. Pas la peine de changer les chaises en plastique apr\u00e8s chaque \u00e9t\u00e9 parce qu\u2019elles ont fondu avec la chaleur\u00a0! En optant pour des mat\u00e9riaux durables et adapt\u00e9s d\u00e8s le d\u00e9part, vous n\u2019aurez que <strong>peu de soucis d\u2019entretien et de renouvellement de votre mobilier de jardin<\/strong>. Apr\u00e8s tout, votre salon restera s\u00fbrement la plupart de l\u2019ann\u00e9e dehors\u00a0! Il doit donc \u00eatre capable de <strong>faire face aux intemp\u00e9ries et al\u00e9as climatiques<\/strong> de la belle saison.<\/p>\n<p>Pour des accessoires de jardin r\u00e9sistants et faciles \u00e0 trouver, voici <strong>notre s\u00e9lection\u00a0de mat\u00e9riaux :<\/strong><\/p>\n<ul>\n<li>Le m\u00e9tal<\/li>\n<li>Le plastique de qualit\u00e9<\/li>\n<li>Le bois<\/li>\n<li>La r\u00e9sine tress\u00e9e<\/li>\n<li>Le tissu<\/li>\n<\/ul>\n<h3>Viser la durabilit\u00e9<\/h3>\n<p>Nous vous recommandons de vous renseigner et de mettre en r\u00e9flexion vos prospections d\u2019achat\u00a0: investir dans un espace de jardin esth\u00e9tique peut repr\u00e9senter <strong>un budget cons\u00e9quent<\/strong>, et ce m\u00eame en profitant de toutes les offres et les promotions sur les prix disponibles dans l\u2019ann\u00e9e.<\/p>\n<p>Afin de ne pas vous retrouver \u00e0 devoir choisir un nouveau salon car le v\u00f4tre vous lasse ou qu\u2019il est ab\u00eem\u00e9, nous avons <strong>2 techniques infaillibles<\/strong>\u00a0:<\/p>\n<p>Comme nous l\u2019avons vu, concentre-vous sur <strong>des mati\u00e8res r\u00e9sistantes et fiables<\/strong>. C\u2019est la premi\u00e8re cl\u00e9 \u00e0 ne jamais sous-estimer. Enfin, choisissez <strong>une esth\u00e9tique qui ne risque pas de vous lasser<\/strong> ou que vous risqueriez de regretter au bout d\u2019une ann\u00e9e. Par exemple, les coloris flashy ont tendance \u00e0 d\u00e9teindre \u00e0 cause de la chaleur des rayons, tandis que les teintes naturelles peuvent ais\u00e9ment prendre place dans n\u2019importe quel jardin, sans trop attirer l\u2019\u0153il.<\/p>\n<h3><img loading=\"lazy\" class=\"alignnone size-large wp-image-1321 aligncenter\" src=\"https:\/\/delormdesign.com\/blog\/wp-content\/uploads\/2018\/07\/table-de-jardin-design-en-solde-1024x681.jpg\" alt=\"Comment trouver une table de jardin design en solde ?\" width=\"980\" height=\"652\" srcset=\"https:\/\/delormdesign.com\/blog\/wp-content\/uploads\/2018\/07\/table-de-jardin-design-en-solde-1024x681.jpg 1024w, https:\/\/delormdesign.com\/blog\/wp-content\/uploads\/2018\/07\/table-de-jardin-design-en-solde-300x199.jpg 300w, https:\/\/delormdesign.com\/blog\/wp-content\/uploads\/2018\/07\/table-de-jardin-design-en-solde-768x511.jpg 768w, https:\/\/delormdesign.com\/blog\/wp-content\/uploads\/2018\/07\/table-de-jardin-design-en-solde-940x625.jpg 940w, https:\/\/delormdesign.com\/blog\/wp-content\/uploads\/2018\/07\/table-de-jardin-design-en-solde.jpg 1399w\" sizes=\"(max-width: 980px) 100vw, 980px\" \/><\/h3>\n<h3>Quelle utilit\u00e9 \u00e0 votre salon de jardin\u00a0?<\/h3>\n<p>Enfin, vous devrez d\u00e9terminer l\u2019utilisation que vous souhaitez faire de votre futur salon de jardin design. <strong>Que souhaitez-vous pouvoir faire pendant les beaux jours\u00a0? <\/strong><\/p>\n<p>Peut-\u00eatre voulez-vous profiter de la chaleur pour lire un roman sur votre terrasse\u00a0? Pr\u00e9f\u00e9riez-vous partager un barbecue avec vos amis, les pieds dans l\u2019herbe\u00a0? Chaque actions et activit\u00e9s n\u00e9cessitent un mobilier d\u2019ext\u00e9rieur adapt\u00e9. Il ne faut donc <strong>pas<\/strong> <strong>n\u00e9gliger les objectifs que vous souhaitez donner \u00e0 votre salon de jardin esth\u00e9tique<\/strong>. Ainsi, vous b\u00e9n\u00e9ficierez de plus d\u2019espace et favoriserez le prix et l\u2019arrangement de votre mobilier.<\/p>\n<h2>Les meilleures adresses pour un salon de jardin design en solde<\/h2>\n<p>Nous avons s\u00e9lectionn\u00e9 pour vous les meilleures adresses o\u00f9 d\u00e9nicher un nouveau salon de jardin esth\u00e9tique en solde, \u00e0 prix comp\u00e9titif. Pr\u00e9parer vos \u00e9conomies\u00a0!<\/p>\n<p><strong><img loading=\"lazy\" class=\"alignnone size-large wp-image-1323 aligncenter\" src=\"https:\/\/delormdesign.com\/blog\/wp-content\/uploads\/2018\/07\/terrasse-de-jardin-deisgn-en-solde-1024x595.jpg\" alt=\"Une terrasse de jardin design en solde\" width=\"980\" height=\"569\" srcset=\"https:\/\/delormdesign.com\/blog\/wp-content\/uploads\/2018\/07\/terrasse-de-jardin-deisgn-en-solde-1024x595.jpg 1024w, https:\/\/delormdesign.com\/blog\/wp-content\/uploads\/2018\/07\/terrasse-de-jardin-deisgn-en-solde-300x174.jpg 300w, https:\/\/delormdesign.com\/blog\/wp-content\/uploads\/2018\/07\/terrasse-de-jardin-deisgn-en-solde-768x446.jpg 768w, https:\/\/delormdesign.com\/blog\/wp-content\/uploads\/2018\/07\/terrasse-de-jardin-deisgn-en-solde-940x546.jpg 940w, https:\/\/delormdesign.com\/blog\/wp-content\/uploads\/2018\/07\/terrasse-de-jardin-deisgn-en-solde.jpg 2000w\" sizes=\"(max-width: 980px) 100vw, 980px\" \/><\/strong><\/p>\n<p><strong>Rue du commerce<\/strong>\u00a0: cette soci\u00e9t\u00e9 de grande distribution appartient au groupe m\u00e8re Carrefour. L\u2019enseigne propose des accessoires de jardin en tout genre, accessibles pour tous les budgets. Leurs produits sont r\u00e9duits jusqu\u2019\u00e0 plus de 60% et une livraison rapide chez vous est garantie, moyennant des frais suppl\u00e9mentaires.<\/p>\n<p><strong>Concept Usine<\/strong>\u00a0: les soldes d\u2019\u00e9t\u00e9 sont tr\u00e8s mises en avant sur cette boutique en ligne. Vous pourrez par exemple profiter de promotions sur des lots de table avec ses chaises en aluminium. D\u00e9couvrez \u00e9galement la gamme d\u2019articles en teck\u00a0: une mati\u00e8re tr\u00e8s appr\u00e9ci\u00e9e pour son grain doux au toucher et r\u00e9sistant. Il est int\u00e9ressant de noter que la livraison vous est offerte sur rendez-vous.<\/p>\n<p><strong>Miliboo\u00a0<\/strong>: cette enseigne sp\u00e9cialis\u00e9e dans l\u2019ameublement vous fait profiter de toutes ses r\u00e9duction sur ses accessoires de jardin. Des canap\u00e9s d\u2019ext\u00e9rieur en passant par\u00a0des fauteuils pour les bains de soleil, repensez la d\u00e9co et la couleur de votre jardin avec de nouvelles d\u00e9corations tendances. La livraison gratuite n\u2019est valable uniquement que pour les livraisons en rez-de-chauss\u00e9e et en point relais.<\/p>\n<p><strong>Proloisirs\u00a0<\/strong>: ce cr\u00e9ateur de mobiliers de jardin vous propose une s\u00e9lection de ses produits phares. Avec les soldes du moment, il ne tient qu\u2019\u00e0 vous de d\u00e9nicher la perle rare pour donner une toute nouvelle allure \u00e0 votre ext\u00e9rieur. De plus, b\u00e9n\u00e9ficiez des conseils et astuces propos\u00e9s par le site pour devenir un professionnel de la d\u00e9coration d\u2019ext\u00e9rieur. \u00a0Faites-vous livrer \u00e0 domicile ou en magasin\u00a0!<\/p>\n<p>Avec ces 4 bonnes adresses, il ne vous reste plus qu\u2019\u00e0 explorer les sites web de ces 4 enseignes sp\u00e9cialis\u00e9es pour y trouver votre bonheur.<\/p>\n<h2>\u00a0<strong>Les meubles Delorm Design pour votre salon de jardin <\/strong><\/h2>\n<p>Nous vous donnons rendez-vous sur <a href=\"https:\/\/delormdesign.com\/\">notre boutique en ligne<\/a> pour y d\u00e9couvrir notre stock sp\u00e9cial de <a href=\"https:\/\/delormdesign.com\/197-mobilier-de-jardin\">meubles de jardin<\/a> \u00e0 prix r\u00e9duits.<\/p>\n<p>D\u00e8s votre premi\u00e8re commande sur le site, b\u00e9n\u00e9ficiez d\u2019une livraison gratuite ainsi que d\u2019un paiement inclus en 3 fois sans frais. De plus, nous proposons en ce moment un code promo pour vous permettre de profiter d\u2019une r\u00e9duction de 5% sur votre prochaine commande.<\/p>\n<p>Nous esp\u00e9rons que cet article vous a plu\u00a0<strong>: et vous, de quel genre de mobilier de jardin r\u00eavez-vous\u00a0?<\/strong> Laissez-nous un commentaire en bas de cette page\u00a0!<\/p>\n<p><strong>\u00c0 lire sur le m\u00eame sujet:\u00a0<\/strong><\/p>\n<ul>\n<li><a href=\"https:\/\/delormdesign.com\/blog\/salon-de-jardin-haut-de-gamme\/mobilier-haut-de-gamme-contemporain\/\">\u00a0Comment reconna\u00eetre un mobilier haut de gamme contemporain ?<\/a><\/li>\n<li><a href=\"https:\/\/delormdesign.com\/blog\/salon-de-jardin-haut-de-gamme\/\">3 conseils pour choisir son salon de jardin haut de gamme<\/a><\/li>\n<li><a href=\"https:\/\/delormdesign.com\/blog\/salon-de-jardin-haut-de-gamme\/mobilier-jardin-contemporain\/\">Relooker son mobilier de jardin contemporain<\/a><\/li>\n<\/ul>\n","protected":false},"excerpt":{"rendered":"<p>Ce n\u2019est pas un secret, investir dans un salon de jardin pour profiter de son \u00e9t\u00e9 repr\u00e9sente un investissement cons\u00e9quent. Profiter des soldes pour \u00e9conomiser sur son budget sans se priver se pr\u00e9sente donc comme une occasion et une solution \u00e0 ne pas manquer. Mais o\u00f9 trouver les meilleurs bons plans, les meilleures boutiques pour [&hellip;]<\/p>\n","protected":false},"author":12,"featured_media":0,"parent":1251,"menu_order":0,"comment_status":"closed","ping_status":"closed","template":"","meta":[],"categories":[20],"tags":[],"yoast_head":"<!-- This site is optimized with the Yoast SEO plugin v19.3 - https:\/\/yoast.com\/wordpress\/plugins\/seo\/ -->\n<title>Profitez des soldes pour votre salon de jardin design &bull; Blog Design Jardin &amp; Int\u00e9rieur | Tendance D\u00e9co<\/title>\n<meta name=\"description\" content=\"Dans cet article, nous vous guidons dans votre recherche de mobilier d&#039;ext\u00e9rieur \u00e0 bas prix pour votre espace de jardin design !\" \/>\n<meta name=\"robots\" content=\"index, follow, max-snippet:-1, max-image-preview:large, max-video-preview:-1\" \/>\n<link rel=\"canonical\" href=\"https:\/\/delormdesign.com\/blog\/salon-de-jardin-haut-de-gamme\/salon-de-jardin-design-en-solde\/\" \/>\n<meta property=\"og:locale\" content=\"fr_FR\" \/>\n<meta property=\"og:type\" content=\"article\" \/>\n<meta property=\"og:title\" content=\"Profitez des soldes pour votre salon de jardin design &bull; Blog Design Jardin &amp; Int\u00e9rieur | Tendance D\u00e9co\" \/>\n<meta property=\"og:description\" content=\"Dans cet article, nous vous guidons dans votre recherche de mobilier d&#039;ext\u00e9rieur \u00e0 bas prix pour votre espace de jardin design !\" \/>\n<meta property=\"og:url\" content=\"https:\/\/delormdesign.com\/blog\/salon-de-jardin-haut-de-gamme\/salon-de-jardin-design-en-solde\/\" \/>\n<meta property=\"og:site_name\" content=\"Blog Design Jardin &amp; Int\u00e9rieur | Tendance D\u00e9co\" \/>\n<meta property=\"article:publisher\" content=\"https:\/\/www.facebook.com\/delormdesign\/\" \/>\n<meta property=\"article:modified_time\" content=\"2019-03-02T11:15:31+00:00\" \/>\n<meta property=\"og:image\" content=\"https:\/\/delormdesign.com\/blog\/wp-content\/uploads\/2018\/07\/salon-de-jardin-design-en-solde-1024x680.jpg\" \/>\n<meta name=\"twitter:card\" content=\"summary\" \/>\n<meta name=\"twitter:label1\" content=\"Est. reading time\" \/>\n\t<meta name=\"twitter:data1\" content=\"5 minutes\" \/>\n<script type=\"application\/ld+json\" class=\"yoast-schema-graph\">{\"@context\":\"https:\/\/schema.org\",\"@graph\":[{\"@type\":\"WebSite\",\"@id\":\"https:\/\/delormdesign.com\/blog\/#website\",\"url\":\"https:\/\/delormdesign.com\/blog\/\",\"name\":\"Blog Design Jardin &amp; Int\u00e9rieur | Tendance D\u00e9co\",\"description\":\"Jardin &amp; Int\u00e9rieur | Tendance D\u00e9co\",\"potentialAction\":[{\"@type\":\"SearchAction\",\"target\":{\"@type\":\"EntryPoint\",\"urlTemplate\":\"https:\/\/delormdesign.com\/blog\/?s={search_term_string}\"},\"query-input\":\"required name=search_term_string\"}],\"inLanguage\":\"fr-FR\"},{\"@type\":\"ImageObject\",\"inLanguage\":\"fr-FR\",\"@id\":\"https:\/\/delormdesign.com\/blog\/salon-de-jardin-haut-de-gamme\/salon-de-jardin-design-en-solde\/#primaryimage\",\"url\":\"https:\/\/delormdesign.com\/blog\/wp-content\/uploads\/2018\/07\/salon-de-jardin-design-en-solde.jpg\",\"contentUrl\":\"https:\/\/delormdesign.com\/blog\/wp-content\/uploads\/2018\/07\/salon-de-jardin-design-en-solde.jpg\",\"width\":1201,\"height\":797,\"caption\":\"delorm-design-paraol\"},{\"@type\":\"WebPage\",\"@id\":\"https:\/\/delormdesign.com\/blog\/salon-de-jardin-haut-de-gamme\/salon-de-jardin-design-en-solde\/\",\"url\":\"https:\/\/delormdesign.com\/blog\/salon-de-jardin-haut-de-gamme\/salon-de-jardin-design-en-solde\/\",\"name\":\"Profitez des soldes pour votre salon de jardin design &bull; Blog Design Jardin &amp; Int\u00e9rieur | Tendance D\u00e9co\",\"isPartOf\":{\"@id\":\"https:\/\/delormdesign.com\/blog\/#website\"},\"primaryImageOfPage\":{\"@id\":\"https:\/\/delormdesign.com\/blog\/salon-de-jardin-haut-de-gamme\/salon-de-jardin-design-en-solde\/#primaryimage\"},\"datePublished\":\"2018-07-23T08:59:52+00:00\",\"dateModified\":\"2019-03-02T11:15:31+00:00\",\"description\":\"Dans cet article, nous vous guidons dans votre recherche de mobilier d'ext\u00e9rieur \u00e0 bas prix pour votre espace de jardin design !\",\"breadcrumb\":{\"@id\":\"https:\/\/delormdesign.com\/blog\/salon-de-jardin-haut-de-gamme\/salon-de-jardin-design-en-solde\/#breadcrumb\"},\"inLanguage\":\"fr-FR\",\"potentialAction\":[{\"@type\":\"ReadAction\",\"target\":[\"https:\/\/delormdesign.com\/blog\/salon-de-jardin-haut-de-gamme\/salon-de-jardin-design-en-solde\/\"]}]},{\"@type\":\"BreadcrumbList\",\"@id\":\"https:\/\/delormdesign.com\/blog\/salon-de-jardin-haut-de-gamme\/salon-de-jardin-design-en-solde\/#breadcrumb\",\"itemListElement\":[{\"@type\":\"ListItem\",\"position\":1,\"name\":\"Accueil\",\"item\":\"https:\/\/delormdesign.com\/blog\/\"},{\"@type\":\"ListItem\",\"position\":2,\"name\":\"3 conseils pour choisir son salon de jardin haut de gamme\",\"item\":\"https:\/\/delormdesign.com\/blog\/salon-de-jardin-haut-de-gamme\/\"},{\"@type\":\"ListItem\",\"position\":3,\"name\":\"Profitez des soldes pour votre salon de jardin design\"}]}]}<\/script>\n<!-- \/ Yoast SEO plugin. -->","yoast_head_json":{"title":"Profitez des soldes pour votre salon de jardin design &bull; Blog Design Jardin &amp; Int\u00e9rieur | Tendance D\u00e9co","description":"Dans cet article, nous vous guidons dans votre recherche de mobilier d'ext\u00e9rieur \u00e0 bas prix pour votre espace de jardin design !","robots":{"index":"index","follow":"follow","max-snippet":"max-snippet:-1","max-image-preview":"max-image-preview:large","max-video-preview":"max-video-preview:-1"},"canonical":"https:\/\/delormdesign.com\/blog\/salon-de-jardin-haut-de-gamme\/salon-de-jardin-design-en-solde\/","og_locale":"fr_FR","og_type":"article","og_title":"Profitez des soldes pour votre salon de jardin design &bull; Blog Design Jardin &amp; Int\u00e9rieur | Tendance D\u00e9co","og_description":"Dans cet article, nous vous guidons dans votre recherche de mobilier d'ext\u00e9rieur \u00e0 bas prix pour votre espace de jardin design !","og_url":"https:\/\/delormdesign.com\/blog\/salon-de-jardin-haut-de-gamme\/salon-de-jardin-design-en-solde\/","og_site_name":"Blog Design Jardin &amp; Int\u00e9rieur | Tendance D\u00e9co","article_publisher":"https:\/\/www.facebook.com\/delormdesign\/","article_modified_time":"2019-03-02T11:15:31+00:00","og_image":[{"url":"https:\/\/delormdesign.com\/blog\/wp-content\/uploads\/2018\/07\/salon-de-jardin-design-en-solde-1024x680.jpg"}],"twitter_card":"summary","twitter_misc":{"Est. reading time":"5 minutes"},"schema":{"@context":"https:\/\/schema.org","@graph":[{"@type":"WebSite","@id":"https:\/\/delormdesign.com\/blog\/#website","url":"https:\/\/delormdesign.com\/blog\/","name":"Blog Design Jardin &amp; Int\u00e9rieur | Tendance D\u00e9co","description":"Jardin &amp; Int\u00e9rieur | Tendance D\u00e9co","potentialAction":[{"@type":"SearchAction","target":{"@type":"EntryPoint","urlTemplate":"https:\/\/delormdesign.com\/blog\/?s={search_term_string}"},"query-input":"required name=search_term_string"}],"inLanguage":"fr-FR"},{"@type":"ImageObject","inLanguage":"fr-FR","@id":"https:\/\/delormdesign.com\/blog\/salon-de-jardin-haut-de-gamme\/salon-de-jardin-design-en-solde\/#primaryimage","url":"https:\/\/delormdesign.com\/blog\/wp-content\/uploads\/2018\/07\/salon-de-jardin-design-en-solde.jpg","contentUrl":"https:\/\/delormdesign.com\/blog\/wp-content\/uploads\/2018\/07\/salon-de-jardin-design-en-solde.jpg","width":1201,"height":797,"caption":"delorm-design-paraol"},{"@type":"WebPage","@id":"https:\/\/delormdesign.com\/blog\/salon-de-jardin-haut-de-gamme\/salon-de-jardin-design-en-solde\/","url":"https:\/\/delormdesign.com\/blog\/salon-de-jardin-haut-de-gamme\/salon-de-jardin-design-en-solde\/","name":"Profitez des soldes pour votre salon de jardin design &bull; Blog Design Jardin &amp; Int\u00e9rieur | Tendance D\u00e9co","isPartOf":{"@id":"https:\/\/delormdesign.com\/blog\/#website"},"primaryImageOfPage":{"@id":"https:\/\/delormdesign.com\/blog\/salon-de-jardin-haut-de-gamme\/salon-de-jardin-design-en-solde\/#primaryimage"},"datePublished":"2018-07-23T08:59:52+00:00","dateModified":"2019-03-02T11:15:31+00:00","description":"Dans cet article, nous vous guidons dans votre recherche de mobilier d'ext\u00e9rieur \u00e0 bas prix pour votre espace de jardin design !","breadcrumb":{"@id":"https:\/\/delormdesign.com\/blog\/salon-de-jardin-haut-de-gamme\/salon-de-jardin-design-en-solde\/#breadcrumb"},"inLanguage":"fr-FR","potentialAction":[{"@type":"ReadAction","target":["https:\/\/delormdesign.com\/blog\/salon-de-jardin-haut-de-gamme\/salon-de-jardin-design-en-solde\/"]}]},{"@type":"BreadcrumbList","@id":"https:\/\/delormdesign.com\/blog\/salon-de-jardin-haut-de-gamme\/salon-de-jardin-design-en-solde\/#breadcrumb","itemListElement":[{"@type":"ListItem","position":1,"name":"Accueil","item":"https:\/\/delormdesign.com\/blog\/"},{"@type":"ListItem","position":2,"name":"3 conseils pour choisir son salon de jardin haut de gamme","item":"https:\/\/delormdesign.com\/blog\/salon-de-jardin-haut-de-gamme\/"},{"@type":"ListItem","position":3,"name":"Profitez des soldes pour votre salon de jardin design"}]}]}},"amp_enabled":true,"_links":{"self":[{"href":"https:\/\/delormdesign.com\/blog\/wp-json\/wp\/v2\/pages\/1314"}],"collection":[{"href":"https:\/\/delormdesign.com\/blog\/wp-json\/wp\/v2\/pages"}],"about":[{"href":"https:\/\/delormdesign.com\/blog\/wp-json\/wp\/v2\/types\/page"}],"author":[{"embeddable":true,"href":"https:\/\/delormdesign.com\/blog\/wp-json\/wp\/v2\/users\/12"}],"replies":[{"embeddable":true,"href":"https:\/\/delormdesign.com\/blog\/wp-json\/wp\/v2\/comments?post=1314"}],"version-history":[{"count":0,"href":"https:\/\/delormdesign.com\/blog\/wp-json\/wp\/v2\/pages\/1314\/revisions"}],"up":[{"embeddable":true,"href":"https:\/\/delormdesign.com\/blog\/wp-json\/wp\/v2\/pages\/1251"}],"wp:attachment":[{"href":"https:\/\/delormdesign.com\/blog\/wp-json\/wp\/v2\/media?parent=1314"}],"wp:term":[{"taxonomy":"category","embeddable":true,"href":"https:\/\/delormdesign.com\/blog\/wp-json\/wp\/v2\/categories?post=1314"},{"taxonomy":"post_tag","embeddable":true,"href":"https:\/\/delormdesign.com\/blog\/wp-json\/wp\/v2\/tags?post=1314"}],"curies":[{"name":"wp","href":"https:\/\/api.w.org\/{rel}","templated":true}]}}