{"id":1385,"date":"2018-07-24T13:51:20","date_gmt":"2018-07-24T13:51:20","guid":{"rendered":"https:\/\/delormdesign.com\/blog\/?page_id=1385"},"modified":"2018-07-24T13:51:20","modified_gmt":"2018-07-24T13:51:20","slug":"1385-2","status":"publish","type":"page","link":"https:\/\/delormdesign.com\/blog\/questions-se-poser-dacheter-salon-de-jardin-design\/1385-2\/","title":{"rendered":"Zoom sur la tendance de la r\u00e9sine tress\u00e9e pour un salon de jardin haute gamme"},"content":{"rendered":"<p>Les beaux jours sont l\u00e0, votre ext\u00e9rieur prend enfin vie et devient le lieu incontournable de votre maison. Un endroit id\u00e9al pour partager, profiter, se pr\u00e9lasser, rire, et jouer avec sa famille ou ses convives. Vous ne souhaitez pas vous contenter de recevoir dans un salon de jardin banal, vous voulez un salon de jardin haute gamme. Alors craquer pour un salon de jardin en r\u00e9sine tress\u00e9e. Depuis quelques ann\u00e9es, la r\u00e9sine tress\u00e9e a le vent en poupe. Un <strong>salon de jardin haut gamme<\/strong>, aujourd\u2019hui, est donc directement reli\u00e9 au salon de jardin en <strong>r\u00e9sine tress\u00e9e<\/strong>. Delorm Design vous explique tout ce qu\u2019il faut savoir sur les <strong>salons de jardin hauts gamme en r\u00e9sine tress\u00e9e.<\/strong><\/p>\n<h2>Un design \u00e9l\u00e9gant et moderne pour un salon de jardin haute gamme<span class=\"Apple-converted-space\">\u00a0<\/span><\/h2>\n<p>M\u00eame si la <strong>r\u00e9sine<\/strong> est un mat\u00e9riau de synth\u00e8se, on peut le confondre avec des fibres naturelles. En effet \u00e0 premi\u00e8re vue, avec son aspect naturel, la r\u00e9sine tress\u00e9e ressemble comme deux gouttes d\u2019eau \u00e0 de l\u2019osier. Pour autant, les salons de jardin en r\u00e9sine tress\u00e9e n&#8217;ont pas l&#8217;aspect d\u00e9suet de l&#8217;ancien mobilier qu\u2019on laisse \u00e0 l\u2019abandon aujourd\u2019hui. Mais bien, au contraire, ils apportent une touche d&#8217;\u00e9l\u00e9gance et de modernit\u00e9 haute gamme extr\u00eamement pris\u00e9e.<\/p>\n<p>La r\u00e9sine tress\u00e9e s\u2019adapte \u00e0 tous les styles de d\u00e9coration et a tous le mobilier de jardin que dont vous pourriez r\u00eaver. <strong>Fauteuils, tables, canap\u00e9s, chaises, la r\u00e9sine est partout<\/strong>. Ce mat\u00e9riau tr\u00e8s tendance, et m\u00eame chic. Il sera sublimer votre <strong>terrasse<\/strong>.<span class=\"Apple-converted-space\">\u00a0<\/span><\/p>\n<p>Un des plus de la r\u00e9sine tress\u00e9e, c\u2019est qu&#8217;elle se d\u00e9cline en diff\u00e9rentes couleurs. Vous pourrez trouver des r\u00e9sines noir, noir brillante, grise, blanche et sable. Ces couleurs son en accord avec l\u2019aspect haute gamme du produit en \u00e9tant chics et \u00e9pur\u00e9s. Les salons de jardin haute gamme en r\u00e9sine tress\u00e9e sont presque toujours accompagn\u00e9s de coussin pour accentuer l\u2019esprit lounge. Les textiles utilis\u00e9s pour les housses de coussin d\u2019assise et de dossier se trouvent aussi en une multitude de couleurs, du plus sobre au plus color\u00e9.<\/p>\n<h2><img loading=\"lazy\" class=\"alignnone  wp-image-1264\" src=\"https:\/\/delormdesign.com\/blog\/wp-content\/uploads\/2018\/07\/salon-de-jardin-haute-gamme-espace-cosy-300x169.jpg\" alt=\"choisir un salon de jardin haute gamme avec un espace cosy\" width=\"797\" height=\"449\" srcset=\"https:\/\/delormdesign.com\/blog\/wp-content\/uploads\/2018\/07\/salon-de-jardin-haute-gamme-espace-cosy-300x169.jpg 300w, https:\/\/delormdesign.com\/blog\/wp-content\/uploads\/2018\/07\/salon-de-jardin-haute-gamme-espace-cosy-768x432.jpg 768w, https:\/\/delormdesign.com\/blog\/wp-content\/uploads\/2018\/07\/salon-de-jardin-haute-gamme-espace-cosy-1024x576.jpg 1024w, https:\/\/delormdesign.com\/blog\/wp-content\/uploads\/2018\/07\/salon-de-jardin-haute-gamme-espace-cosy-940x529.jpg 940w\" sizes=\"(max-width: 797px) 100vw, 797px\" \/><\/h2>\n<h2>Une mati\u00e8re haute gamme : la r\u00e9sine tress\u00e9e<\/h2>\n<h3>Les qualit\u00e9s de la r\u00e9sine tress\u00e9e<\/h3>\n<p>La r\u00e9sine tress\u00e9e, appel\u00e9e aussi \u201cpoly rotin\u201d, est fabriqu\u00e9e \u00e0 base de poly\u00e9thyl\u00e8ne ou de PVC, moul\u00e9e en forme de fibre, puis teint\u00e9e. C\u2019est une mati\u00e8re qui garantit une grande durabilit\u00e9 au mobilier de jardin. En effet, la qualit\u00e9 principale de la r\u00e9sine est sa r\u00e9sistance aux intemp\u00e9ries, aux rayons UV, et sa solidit\u00e9.<\/p>\n<p><strong>Les salons de jardin en r\u00e9sine tress\u00e9e<\/strong> son \u00e9galement tr\u00e8s fonctionnel car tr\u00e8s l\u00e9ger, donc modulable. Les fibres, qui donnent cet aspect rotin ou osier, sont ensuite tress\u00e9es autour d\u2019une structure en m\u00e9tal, souvent en aluminium. C\u2019est cette structure qui garanti sa l\u00e9g\u00e8ret\u00e9. L\u2019aspect modulable vous permettra de changer la disposition de votre salon de jardin en deux temps trois mouvements.<\/p>\n<h3>Comment reconna\u00eetre un tressage de bonne qualit\u00e9 ?<\/h3>\n<p><strong>Un salon de jardin haute gamme en r\u00e9sine tress\u00e9e<\/strong> doit avoir un tressage tendu et serr\u00e9. Vous pouvez \u00e9valuer vous-m\u00eame la qualit\u00e9 d\u2019une r\u00e9sine lors de votre l\u2019achat. Si vous pouvez introduire un doigt sous le tressage, <strong>le tressage<\/strong> est trop souple donc a une robustesse r\u00e9duite. La r\u00e9sine dans ce cas risque de se d\u00e9former et donc de s\u2019ab\u00eemer plus facilement avec le temps. Le faites que le produit est \u00e9t\u00e9 tress\u00e9e a la main, est aussi teins d\u2019une grande qualit\u00e9. Certaines appellations indiquent qu\u2019un mobilier est haut de gamme. Comme Hularo, Viro, Ecolene ou Rehau.<\/p>\n<p>Indirectement, le prix a \u00e9galement une incidence sur la qualit\u00e9 du salon de jardin en r\u00e9sine tress\u00e9e que vous choisirez. Il existe des meubles de jardin en r\u00e9sine tress\u00e9e de<strong> toutes les dimensions de toutes les marques et donc \u00e0 tous les prix<\/strong>. Donc choisissez intelligemment.<\/p>\n<h2><img loading=\"lazy\" class=\"wp-image-1344 aligncenter\" src=\"https:\/\/delormdesign.com\/blog\/wp-content\/uploads\/2018\/07\/mobilier-jardin-contemporain-300x296.jpg\" alt=\"Relooker son mobilier de jardin contemporain\" width=\"531\" height=\"524\" srcset=\"https:\/\/delormdesign.com\/blog\/wp-content\/uploads\/2018\/07\/mobilier-jardin-contemporain-300x296.jpg 300w, https:\/\/delormdesign.com\/blog\/wp-content\/uploads\/2018\/07\/mobilier-jardin-contemporain-768x757.jpg 768w, https:\/\/delormdesign.com\/blog\/wp-content\/uploads\/2018\/07\/mobilier-jardin-contemporain-1024x1010.jpg 1024w, https:\/\/delormdesign.com\/blog\/wp-content\/uploads\/2018\/07\/mobilier-jardin-contemporain-940x927.jpg 940w, https:\/\/delormdesign.com\/blog\/wp-content\/uploads\/2018\/07\/mobilier-jardin-contemporain.jpg 1095w\" sizes=\"(max-width: 531px) 100vw, 531px\" \/><\/h2>\n<h2>L\u2019entretien : simple et rapide pour profiter de l\u2019\u00e9t\u00e9 et rien d\u2019autre<\/h2>\n<p>La r\u00e9sine \u00e0 un grand nombre d&#8217;avantages comme celui de n&#8217;avoir besoin que de<strong> tr\u00e8s peu d&#8217;entretien ou un entretien tr\u00e8s facile<\/strong>. L\u2019entretien d\u2019un meuble de jardin que ce soit une chaise un fauteuil ou un canap\u00e9 en r\u00e9sine tress\u00e9e est super simple. C\u2019est une des caract\u00e9ristiques fars de la r\u00e9sine \u00e0 ne pas n\u00e9gliger par rapport \u00e0 un salon de jardin en bois.<\/p>\n<p>L\u2019entretien ne n\u00e9cessite pas de produit particulier. Une \u00e9ponge douce, un peu de savon et l\u2019eau chaude suffisent. En compl\u00e9ment, si d\u2019\u00e9ventuelles impuret\u00e9s ou poussi\u00e8res se stockent dans le tressage, vous pouvez utiliser une brosse \u00e0 poils doux pour les retirer sans effort. Faites attention n\u00e9anmoins pour ses salet\u00e9s stock\u00e9es n\u2019utilisez pas de brosse \u00e0 poils durs, ou de laine d\u2019acier par exemple, cela abimerais consid\u00e9rablement la r\u00e9sine en la rayant.<\/p>\n<p>En compl\u00e9ment de l\u2019entretien, nous vous conseillons de couvrir d\u2019une simple housse vos meubles de jardin pour l\u2019hiver. Ils pourront alors passer la mauvaise saison \u00e0 l\u2019ext\u00e9rieur sans probl\u00e8mes.<\/p>\n<p>Pour en savoir plus sur ce sujet lisez aussi :<\/p>\n<ul>\n<li><a href=\"https:\/\/delormdesign.com\/blog\/questions-se-poser-dacheter-salon-de-jardin-design\/\"><strong>Quelles questions se poser avant d&#8217;acheter un salon de jardin design ?<\/strong><\/a><\/li>\n<li><strong><a href=\"https:\/\/delormdesign.com\/blog\/questions-se-poser-dacheter-salon-de-jardin-design\/avantages-inconvenients-dacheter-salon-de-jardin-design-chez-ikea\/\">Le roi du mobilier de jardin design espagnol : l\u2019incontournable Kettal<\/a><\/strong><\/li>\n<li><a href=\"https:\/\/delormdesign.com\/blog\/questions-se-poser-dacheter-salon-de-jardin-design\/1377-2\/\"><strong>Les avantages et les inconv\u00e9nients d\u2019acheter un salon de jardin design chez Ikea ?<\/strong><\/a><\/li>\n<\/ul>\n","protected":false},"excerpt":{"rendered":"<p>Les beaux jours sont l\u00e0, votre ext\u00e9rieur prend enfin vie et devient le lieu incontournable de votre maison. Un endroit id\u00e9al pour partager, profiter, se pr\u00e9lasser, rire, et jouer avec sa famille ou ses convives. Vous ne souhaitez pas vous contenter de recevoir dans un salon de jardin banal, vous voulez un salon de jardin [&hellip;]<\/p>\n","protected":false},"author":12,"featured_media":0,"parent":1369,"menu_order":0,"comment_status":"closed","ping_status":"closed","template":"","meta":[],"categories":[],"tags":[],"yoast_head":"<!-- This site is optimized with the Yoast SEO plugin v19.3 - https:\/\/yoast.com\/wordpress\/plugins\/seo\/ -->\n<title>Zoom sur la tendance de la r\u00e9sine tress\u00e9e pour un salon de jardin haute gamme &bull; Blog Design Jardin &amp; Int\u00e9rieur | Tendance D\u00e9co<\/title>\n<meta name=\"description\" content=\"Depuis quelques ann\u00e9es, la r\u00e9sine tress\u00e9e a le vent en poupe. Un salon de jardin haut gamme, aujourd\u2019hui, est forcement en r\u00e9sine tress\u00e9e.\" \/>\n<meta name=\"robots\" content=\"index, follow, max-snippet:-1, max-image-preview:large, max-video-preview:-1\" \/>\n<link rel=\"canonical\" href=\"https:\/\/delormdesign.com\/blog\/questions-se-poser-dacheter-salon-de-jardin-design\/1385-2\/\" \/>\n<meta property=\"og:locale\" content=\"fr_FR\" \/>\n<meta property=\"og:type\" content=\"article\" \/>\n<meta property=\"og:title\" content=\"Zoom sur la tendance de la r\u00e9sine tress\u00e9e pour un salon de jardin haute gamme &bull; Blog Design Jardin &amp; Int\u00e9rieur | Tendance D\u00e9co\" \/>\n<meta property=\"og:description\" content=\"Depuis quelques ann\u00e9es, la r\u00e9sine tress\u00e9e a le vent en poupe. Un salon de jardin haut gamme, aujourd\u2019hui, est forcement en r\u00e9sine tress\u00e9e.\" \/>\n<meta property=\"og:url\" content=\"https:\/\/delormdesign.com\/blog\/questions-se-poser-dacheter-salon-de-jardin-design\/1385-2\/\" \/>\n<meta property=\"og:site_name\" content=\"Blog Design Jardin &amp; Int\u00e9rieur | Tendance D\u00e9co\" \/>\n<meta property=\"article:publisher\" content=\"https:\/\/www.facebook.com\/delormdesign\/\" \/>\n<meta property=\"og:image\" content=\"https:\/\/delormdesign.com\/blog\/wp-content\/uploads\/2018\/07\/salon-de-jardin-haute-gamme-espace-cosy-300x169.jpg\" \/>\n<meta name=\"twitter:card\" content=\"summary\" \/>\n<meta name=\"twitter:label1\" content=\"Est. reading time\" \/>\n\t<meta name=\"twitter:data1\" content=\"5 minutes\" \/>\n<script type=\"application\/ld+json\" class=\"yoast-schema-graph\">{\"@context\":\"https:\/\/schema.org\",\"@graph\":[{\"@type\":\"WebSite\",\"@id\":\"https:\/\/delormdesign.com\/blog\/#website\",\"url\":\"https:\/\/delormdesign.com\/blog\/\",\"name\":\"Blog Design Jardin &amp; Int\u00e9rieur | Tendance D\u00e9co\",\"description\":\"Jardin &amp; Int\u00e9rieur | Tendance D\u00e9co\",\"potentialAction\":[{\"@type\":\"SearchAction\",\"target\":{\"@type\":\"EntryPoint\",\"urlTemplate\":\"https:\/\/delormdesign.com\/blog\/?s={search_term_string}\"},\"query-input\":\"required name=search_term_string\"}],\"inLanguage\":\"fr-FR\"},{\"@type\":\"ImageObject\",\"inLanguage\":\"fr-FR\",\"@id\":\"https:\/\/delormdesign.com\/blog\/questions-se-poser-dacheter-salon-de-jardin-design\/1385-2\/#primaryimage\",\"url\":\"https:\/\/delormdesign.com\/blog\/wp-content\/uploads\/2018\/07\/salon-de-jardin-haute-gamme-espace-cosy.jpg\",\"contentUrl\":\"https:\/\/delormdesign.com\/blog\/wp-content\/uploads\/2018\/07\/salon-de-jardin-haute-gamme-espace-cosy.jpg\",\"width\":2400,\"height\":1350,\"caption\":\"choisir un salon de jardin haute gamme avec un espace cosy\"},{\"@type\":\"WebPage\",\"@id\":\"https:\/\/delormdesign.com\/blog\/questions-se-poser-dacheter-salon-de-jardin-design\/1385-2\/\",\"url\":\"https:\/\/delormdesign.com\/blog\/questions-se-poser-dacheter-salon-de-jardin-design\/1385-2\/\",\"name\":\"Zoom sur la tendance de la r\u00e9sine tress\u00e9e pour un salon de jardin haute gamme &bull; Blog Design Jardin &amp; Int\u00e9rieur | Tendance D\u00e9co\",\"isPartOf\":{\"@id\":\"https:\/\/delormdesign.com\/blog\/#website\"},\"primaryImageOfPage\":{\"@id\":\"https:\/\/delormdesign.com\/blog\/questions-se-poser-dacheter-salon-de-jardin-design\/1385-2\/#primaryimage\"},\"datePublished\":\"2018-07-24T13:51:20+00:00\",\"dateModified\":\"2018-07-24T13:51:20+00:00\",\"description\":\"Depuis quelques ann\u00e9es, la r\u00e9sine tress\u00e9e a le vent en poupe. Un salon de jardin haut gamme, aujourd\u2019hui, est forcement en r\u00e9sine tress\u00e9e.\",\"breadcrumb\":{\"@id\":\"https:\/\/delormdesign.com\/blog\/questions-se-poser-dacheter-salon-de-jardin-design\/1385-2\/#breadcrumb\"},\"inLanguage\":\"fr-FR\",\"potentialAction\":[{\"@type\":\"ReadAction\",\"target\":[\"https:\/\/delormdesign.com\/blog\/questions-se-poser-dacheter-salon-de-jardin-design\/1385-2\/\"]}]},{\"@type\":\"BreadcrumbList\",\"@id\":\"https:\/\/delormdesign.com\/blog\/questions-se-poser-dacheter-salon-de-jardin-design\/1385-2\/#breadcrumb\",\"itemListElement\":[{\"@type\":\"ListItem\",\"position\":1,\"name\":\"Accueil\",\"item\":\"https:\/\/delormdesign.com\/blog\/\"},{\"@type\":\"ListItem\",\"position\":2,\"name\":\"Quelles questions se poser avant d\u2019acheter un salon de jardin design ?\",\"item\":\"https:\/\/delormdesign.com\/blog\/questions-se-poser-dacheter-salon-de-jardin-design\/\"},{\"@type\":\"ListItem\",\"position\":3,\"name\":\"Zoom sur la tendance de la r\u00e9sine tress\u00e9e pour un salon de jardin haute gamme\"}]}]}<\/script>\n<!-- \/ Yoast SEO plugin. -->","yoast_head_json":{"title":"Zoom sur la tendance de la r\u00e9sine tress\u00e9e pour un salon de jardin haute gamme &bull; Blog Design Jardin &amp; Int\u00e9rieur | Tendance D\u00e9co","description":"Depuis quelques ann\u00e9es, la r\u00e9sine tress\u00e9e a le vent en poupe. Un salon de jardin haut gamme, aujourd\u2019hui, est forcement en r\u00e9sine tress\u00e9e.","robots":{"index":"index","follow":"follow","max-snippet":"max-snippet:-1","max-image-preview":"max-image-preview:large","max-video-preview":"max-video-preview:-1"},"canonical":"https:\/\/delormdesign.com\/blog\/questions-se-poser-dacheter-salon-de-jardin-design\/1385-2\/","og_locale":"fr_FR","og_type":"article","og_title":"Zoom sur la tendance de la r\u00e9sine tress\u00e9e pour un salon de jardin haute gamme &bull; Blog Design Jardin &amp; Int\u00e9rieur | Tendance D\u00e9co","og_description":"Depuis quelques ann\u00e9es, la r\u00e9sine tress\u00e9e a le vent en poupe. Un salon de jardin haut gamme, aujourd\u2019hui, est forcement en r\u00e9sine tress\u00e9e.","og_url":"https:\/\/delormdesign.com\/blog\/questions-se-poser-dacheter-salon-de-jardin-design\/1385-2\/","og_site_name":"Blog Design Jardin &amp; Int\u00e9rieur | Tendance D\u00e9co","article_publisher":"https:\/\/www.facebook.com\/delormdesign\/","og_image":[{"url":"https:\/\/delormdesign.com\/blog\/wp-content\/uploads\/2018\/07\/salon-de-jardin-haute-gamme-espace-cosy-300x169.jpg"}],"twitter_card":"summary","twitter_misc":{"Est. reading time":"5 minutes"},"schema":{"@context":"https:\/\/schema.org","@graph":[{"@type":"WebSite","@id":"https:\/\/delormdesign.com\/blog\/#website","url":"https:\/\/delormdesign.com\/blog\/","name":"Blog Design Jardin &amp; Int\u00e9rieur | Tendance D\u00e9co","description":"Jardin &amp; Int\u00e9rieur | Tendance D\u00e9co","potentialAction":[{"@type":"SearchAction","target":{"@type":"EntryPoint","urlTemplate":"https:\/\/delormdesign.com\/blog\/?s={search_term_string}"},"query-input":"required name=search_term_string"}],"inLanguage":"fr-FR"},{"@type":"ImageObject","inLanguage":"fr-FR","@id":"https:\/\/delormdesign.com\/blog\/questions-se-poser-dacheter-salon-de-jardin-design\/1385-2\/#primaryimage","url":"https:\/\/delormdesign.com\/blog\/wp-content\/uploads\/2018\/07\/salon-de-jardin-haute-gamme-espace-cosy.jpg","contentUrl":"https:\/\/delormdesign.com\/blog\/wp-content\/uploads\/2018\/07\/salon-de-jardin-haute-gamme-espace-cosy.jpg","width":2400,"height":1350,"caption":"choisir un salon de jardin haute gamme avec un espace cosy"},{"@type":"WebPage","@id":"https:\/\/delormdesign.com\/blog\/questions-se-poser-dacheter-salon-de-jardin-design\/1385-2\/","url":"https:\/\/delormdesign.com\/blog\/questions-se-poser-dacheter-salon-de-jardin-design\/1385-2\/","name":"Zoom sur la tendance de la r\u00e9sine tress\u00e9e pour un salon de jardin haute gamme &bull; Blog Design Jardin &amp; Int\u00e9rieur | Tendance D\u00e9co","isPartOf":{"@id":"https:\/\/delormdesign.com\/blog\/#website"},"primaryImageOfPage":{"@id":"https:\/\/delormdesign.com\/blog\/questions-se-poser-dacheter-salon-de-jardin-design\/1385-2\/#primaryimage"},"datePublished":"2018-07-24T13:51:20+00:00","dateModified":"2018-07-24T13:51:20+00:00","description":"Depuis quelques ann\u00e9es, la r\u00e9sine tress\u00e9e a le vent en poupe. Un salon de jardin haut gamme, aujourd\u2019hui, est forcement en r\u00e9sine tress\u00e9e.","breadcrumb":{"@id":"https:\/\/delormdesign.com\/blog\/questions-se-poser-dacheter-salon-de-jardin-design\/1385-2\/#breadcrumb"},"inLanguage":"fr-FR","potentialAction":[{"@type":"ReadAction","target":["https:\/\/delormdesign.com\/blog\/questions-se-poser-dacheter-salon-de-jardin-design\/1385-2\/"]}]},{"@type":"BreadcrumbList","@id":"https:\/\/delormdesign.com\/blog\/questions-se-poser-dacheter-salon-de-jardin-design\/1385-2\/#breadcrumb","itemListElement":[{"@type":"ListItem","position":1,"name":"Accueil","item":"https:\/\/delormdesign.com\/blog\/"},{"@type":"ListItem","position":2,"name":"Quelles questions se poser avant d\u2019acheter un salon de jardin design ?","item":"https:\/\/delormdesign.com\/blog\/questions-se-poser-dacheter-salon-de-jardin-design\/"},{"@type":"ListItem","position":3,"name":"Zoom sur la tendance de la r\u00e9sine tress\u00e9e pour un salon de jardin haute gamme"}]}]}},"amp_enabled":true,"_links":{"self":[{"href":"https:\/\/delormdesign.com\/blog\/wp-json\/wp\/v2\/pages\/1385"}],"collection":[{"href":"https:\/\/delormdesign.com\/blog\/wp-json\/wp\/v2\/pages"}],"about":[{"href":"https:\/\/delormdesign.com\/blog\/wp-json\/wp\/v2\/types\/page"}],"author":[{"embeddable":true,"href":"https:\/\/delormdesign.com\/blog\/wp-json\/wp\/v2\/users\/12"}],"replies":[{"embeddable":true,"href":"https:\/\/delormdesign.com\/blog\/wp-json\/wp\/v2\/comments?post=1385"}],"version-history":[{"count":0,"href":"https:\/\/delormdesign.com\/blog\/wp-json\/wp\/v2\/pages\/1385\/revisions"}],"up":[{"embeddable":true,"href":"https:\/\/delormdesign.com\/blog\/wp-json\/wp\/v2\/pages\/1369"}],"wp:attachment":[{"href":"https:\/\/delormdesign.com\/blog\/wp-json\/wp\/v2\/media?parent=1385"}],"wp:term":[{"taxonomy":"category","embeddable":true,"href":"https:\/\/delormdesign.com\/blog\/wp-json\/wp\/v2\/categories?post=1385"},{"taxonomy":"post_tag","embeddable":true,"href":"https:\/\/delormdesign.com\/blog\/wp-json\/wp\/v2\/tags?post=1385"}],"curies":[{"name":"wp","href":"https:\/\/api.w.org\/{rel}","templated":true}]}}