{"id":947,"date":"2018-07-07T11:24:04","date_gmt":"2018-07-07T11:24:04","guid":{"rendered":"https:\/\/delormdesign.com\/blog\/?page_id=947"},"modified":"2021-06-26T09:12:39","modified_gmt":"2021-06-26T09:12:39","slug":"peindre-meuble-tv-bois-brut","status":"publish","type":"page","link":"https:\/\/delormdesign.com\/blog\/meuble-tv-teck\/peindre-meuble-tv-bois-brut\/","title":{"rendered":"Comment peindre son meuble TV en bois brut ?"},"content":{"rendered":"<p>Quoi de mieux qu\u2019une petite couche de peinture pour relooker un meuble t\u00e9l\u00e9 qui a bien v\u00e9cu et lui redonner son aspect neuf d\u2019avant\u00a0?<\/p>\n<p><span style=\"font-weight: 400;\">Dans cet article, nous vous apprenons pas-\u00e0-pas \u00e0 <\/span><b>peindre votre meuble<\/b><span style=\"font-weight: 400;\">, le vernir et le faire s\u00e9cher comme un pro\u00a0et pour un prix mod\u00e9r\u00e9. Place au pouvoir rajeunissant du coup de peinture, modernisez votre <\/span><b>mobilier en bois brut<\/b><span style=\"font-weight: 400;\"> avec des couleurs actuelles (noir, blanc), acidul\u00e9es ou pastel. \u00a0<\/span><\/p>\n<h2>5 \u00e9tapes de pr\u00e9paration avec de commencer \u00e0 peindre<\/h2>\n<p><span style=\"font-weight: 400;\">Avant de vouloir transformer votre meuble t\u00e9l\u00e9 pour lui donner une nouvelle vie, il est primordial de le pr\u00e9parer au travail de peinture qui va suivre\u00a0:<\/span><\/p>\n<p><img loading=\"lazy\" class=\"alignnone size-large wp-image-953 aligncenter\" src=\"https:\/\/delormdesign.com\/blog\/wp-content\/uploads\/2018\/07\/meuble-tv-peindre-bois-brut-1024x683.jpg\" alt=\"meuble TV bois brut peindre\" width=\"980\" height=\"654\" srcset=\"https:\/\/delormdesign.com\/blog\/wp-content\/uploads\/2018\/07\/meuble-tv-peindre-bois-brut-1024x683.jpg 1024w, https:\/\/delormdesign.com\/blog\/wp-content\/uploads\/2018\/07\/meuble-tv-peindre-bois-brut-300x200.jpg 300w, https:\/\/delormdesign.com\/blog\/wp-content\/uploads\/2018\/07\/meuble-tv-peindre-bois-brut-768x512.jpg 768w, https:\/\/delormdesign.com\/blog\/wp-content\/uploads\/2018\/07\/meuble-tv-peindre-bois-brut-940x627.jpg 940w\" sizes=\"(max-width: 980px) 100vw, 980px\" \/><\/p>\n<ul>\n<li style=\"font-weight: 400;\"><b>V\u00e9rifiez l\u2019\u00e9tat du bois brut<\/b><span style=\"font-weight: 400;\">\u00a0: si votre meuble a commenc\u00e9 \u00e0 pourrir, un simple coup de peinture ne suffira pas \u00e0 lui redonner meilleure mine. Prenez donc le temps d\u2019observer s\u2019il n\u2019y a pas de traces de moisissure ou de vermines (il existe de produits sp\u00e9cifiques qui aident \u00e0 se d\u00e9barrasser des termites). Si votre meuble a des trous, investissez dans une p\u00e2te \u00e0 bois\u00a0: vous pouvez m\u00eame faire des jeux de couleurs pour dissimuler les imperfections. <\/span><\/li>\n<li style=\"font-weight: 400;\"><b>Nettoyez le meuble<\/b><span style=\"font-weight: 400;\"> s\u2019il pr\u00e9sente des taches et autres salissures. Attention cependant \u00e0 ne pas trop imbiber le bois brut, qui finirait par craquer et se fendre\u00a0! Pr\u00e9f\u00e9rez une \u00e9ponge et du savon noir pour parfaire le nettoyage. <\/span><\/li>\n<li style=\"font-weight: 400;\"><span style=\"font-weight: 400;\">Une fois sec,<\/span><b> poncez le bois brut<\/b><span style=\"font-weight: 400;\"> afin qu\u2019il soit bien lisse et n\u2019accroche pas au toucher\u00a0: cette \u00e9tape est d\u2019autant plus n\u00e9cessaire si votre meuble a d\u00e9j\u00e0 \u00e9t\u00e9 peint plusieurs fois par le pass\u00e9. Pour un pon\u00e7age optimal, variez la taille des grains\u00a0: un gros grain (type 40) pour enlever les couches et le vernis, un grain moyen (de 80 \u00e0 100) pour poncer et un grain fin (120 \u00e0 160) pour une finition douce et lisse. \u00a0<\/span><\/li>\n<li style=\"font-weight: 400;\"><span style=\"font-weight: 400;\">Enfin, n\u2019h\u00e9sitez pas \u00e0 le <\/span><b>d\u00e9poussi\u00e9rer<\/b><span style=\"font-weight: 400;\"> pour enlever la fine couche de particules d\u00e9pos\u00e9e par le pon\u00e7age. <\/span><\/li>\n<li style=\"font-weight: 400;\"><span style=\"font-weight: 400;\">Vous pouvez maintenant passer au <\/span><b>d\u00e9montage de votre meuble<\/b><span style=\"font-weight: 400;\">\u00a0: ainsi il sera plus facile de peindre les diff\u00e9rentes portes, tiroirs et \u00e9tag\u00e8res, et ce dans des conditions optimales. <\/span><\/li>\n<\/ul>\n<p><span style=\"font-weight: 400;\">Vous \u00eates par\u00e9 pour commencer le relooking sp\u00e9cial de votre meuble\u00a0: munissez-vous de votre plus beau tablier et en avant pour la peinture\u00a0! <\/span><\/p>\n<h2>Peindre son meuble TV en fonction de ses caract\u00e9ristiques<\/h2>\n<h3>Application de couches pr\u00e9paratrices pour une meilleure tenue<\/h3>\n<p><span style=\"font-weight: 400;\">Avant toute chose, il vous faut d\u00e9terminer le type de meuble TV que vous poss\u00e9dez\u00a0: si votre meuble est laqu\u00e9 ou en bois brut de merisier, la peinture ne risque pas d\u2019accrocher correctement au mat\u00e9riau. Nous vous recommandons donc de passer une <\/span><b>couche primaire d\u2019accrochage<\/b><span style=\"font-weight: 400;\"> afin de partir sur une base neutre et pouvoir choisir des couleurs claires pour votre meuble et les faire durer dans le temps.<\/span><\/p>\n<p><img loading=\"lazy\" id=\"exifviewer-img-1\" class=\"aligncenter wp-image-955 size-large\" src=\"https:\/\/delormdesign.com\/blog\/wp-content\/uploads\/2018\/07\/meuble-tv-bois-brut-peindre-pin-1024x683.jpg\" alt=\"meuble TV bois brut peindre pin\" width=\"980\" height=\"654\" srcset=\"https:\/\/delormdesign.com\/blog\/wp-content\/uploads\/2018\/07\/meuble-tv-bois-brut-peindre-pin-1024x683.jpg 1024w, https:\/\/delormdesign.com\/blog\/wp-content\/uploads\/2018\/07\/meuble-tv-bois-brut-peindre-pin-300x200.jpg 300w, https:\/\/delormdesign.com\/blog\/wp-content\/uploads\/2018\/07\/meuble-tv-bois-brut-peindre-pin-768x512.jpg 768w, https:\/\/delormdesign.com\/blog\/wp-content\/uploads\/2018\/07\/meuble-tv-bois-brut-peindre-pin-940x627.jpg 940w\" sizes=\"(max-width: 980px) 100vw, 980px\" \/><\/p>\n<p><span style=\"font-weight: 400;\">De m\u00eame, si votre meuble est de bois brut fonc\u00e9 et que vous envisagez de le peindre d\u2019une couleur plus claire, une couche primaire d\u2019accrochage et une <\/span><b>premi\u00e8re couche de peinture blanche<\/b><span style=\"font-weight: 400;\"> seront \u00e0 pr\u00e9voir. Les mobiliers en pin et en \u00e9pic\u00e9a pr\u00e9sentent g\u00e9n\u00e9ralement de bonnes bases pour des peintures claires. <\/span><\/p>\n<h3>Quelle couleur choisir pour mon meuble en bois massif\u00a0?<\/h3>\n<p><span style=\"font-weight: 400;\">Choisir la couleur adapt\u00e9e pour son meuble n\u2019est pas chose \u00e9vidente\u00a0: elle peut varier selon vos go\u00fbts, la taille de votre meuble, sa forme, ainsi que la pi\u00e8ce dans laquelle il se trouve (chambre, cuisine, int\u00e9rieur vitr\u00e9\u2026). <\/span><\/p>\n<p><span style=\"font-weight: 400;\">Nous vous aidons \u00e0 faire un choix pertinent avec ce mini guide de d\u00e9co\u00a0! <\/span><\/p>\n<ul>\n<li style=\"font-weight: 400;\"><b>Pour un meuble large<\/b><span style=\"font-weight: 400;\">\u00a0: \u00e9vitez les couleurs trop voyantes et flashy (comme le rouge vif par exemple). Votre meuble se remarque d\u00e9j\u00e0 par sa taille, ce n\u2019est donc pas la peine de lui ajouter plus d\u2019attributs tape-\u00e0-l\u2019\u0153il. Optez pour des tons plus neutres, comme un noir chocolat, un gris ou un blanc cass\u00e9. Si vous trouvez votre meuble encore trop imposant, peignez-le d\u2019une couleur similaire aux murs de la pi\u00e8ce afin qu\u2019il se fonde dans le d\u00e9cor plus facilement. <\/span><\/li>\n<li style=\"font-weight: 400;\"><b>Pour un petit meuble<\/b><span style=\"font-weight: 400;\">\u00a0: si votre meuble pr\u00e9sente un design particulier ou que vous souhaitez le mettre en valeur, il est pr\u00e9f\u00e9rable de choisir des couleurs toniques comme le jaune mimosa, le bleu \u00e9lectrique. Si au contraire vous souhaitez rester dans des tons discrets, optez pour une couleur qui se marie bien avec celle de vos murs. Pour les pi\u00e8ces \u00e0 th\u00e8mes, choisissez une teinte similaire \u00e0 celle de votre commode, de vos \u00e9tag\u00e8res ou de votre armoire pour souligner les couleurs primaires de la pi\u00e8ce. <\/span><\/li>\n<li style=\"font-weight: 400;\"><b>Les couleurs tendances du moment<\/b><span style=\"font-weight: 400;\">\u00a0: les gris color\u00e9s font fureur aupr\u00e8s des experts de la d\u00e9co int\u00e9rieure et offrent une toute nouvelle dimension au gris \u00ab\u00a0normal\u00a0\u00bb, plus commun. Qu\u2019il soit m\u00e9lang\u00e9 \u00e0 du bleu, du rose ou du vert, il offre une large gamme de tons et de d\u00e9clinaisons bien particuli\u00e8res, dans un style gustavien tr\u00e8s \u00e0 la mode. Ces gris color\u00e9s sont tr\u00e8s fr\u00e9quemment vendus chez les fabricants de peinture pour mobiliers. <\/span><\/li>\n<\/ul>\n<p><span style=\"font-weight: 400;\">Maintenant que votre meuble TV est pr\u00eat et que vous savez comment le rendre plus attrayant avec une toute nouvelle couleur, vous n\u2019avez plus qu\u2019\u00e0 vous lancer dans sa r\u00e9novation. Mais avant de commencer les grands travaux, nous avons encore quelques derniers conseils \u00e0 vous donner\u2026 <\/span><\/p>\n<h2>Quelques conseils suppl\u00e9mentaires pour un relooking r\u00e9ussi<\/h2>\n<p><span style=\"font-weight: 400;\">Pas si vite\u00a0! Nous avons encore des choses \u00e0 vous apprendre avant de vous laisser entamer vos retouches.<\/span><\/p>\n<p><img loading=\"lazy\" id=\"exifviewer-img-2\" class=\"aligncenter wp-image-957 size-large\" src=\"https:\/\/delormdesign.com\/blog\/wp-content\/uploads\/2018\/07\/meuble-tv-bois-brut-peindre-mural-1024x679.jpg\" alt=\"meuble TV bois brut peindre mural\" width=\"980\" height=\"650\" srcset=\"https:\/\/delormdesign.com\/blog\/wp-content\/uploads\/2018\/07\/meuble-tv-bois-brut-peindre-mural-1024x679.jpg 1024w, https:\/\/delormdesign.com\/blog\/wp-content\/uploads\/2018\/07\/meuble-tv-bois-brut-peindre-mural-300x199.jpg 300w, https:\/\/delormdesign.com\/blog\/wp-content\/uploads\/2018\/07\/meuble-tv-bois-brut-peindre-mural-768x509.jpg 768w, https:\/\/delormdesign.com\/blog\/wp-content\/uploads\/2018\/07\/meuble-tv-bois-brut-peindre-mural-940x623.jpg 940w\" sizes=\"(max-width: 980px) 100vw, 980px\" \/><\/p>\n<p><span style=\"font-weight: 400;\">Pensez \u00e0 utiliser un rouleau plut\u00f4t qu\u2019un pinceau si votre meuble est assez large\u00a0: le rouleau \u00e9talera la peinture de mani\u00e8re plus uniforme et en laissant moins de traces. Vous serez donc <\/span><b>plus efficace et plus performant<\/b><span style=\"font-weight: 400;\">.<\/span><\/p>\n<p><span style=\"font-weight: 400;\">Il est \u00e9galement conseill\u00e9 d\u2019espacer les diff\u00e9rentes couches que vous appliquez (que ce soit une primaire d\u2019accrochage ou de peinture) de 24h, afin de bien laisser le temps au mat\u00e9riau de les <\/span><b>absorber et de le faire s\u00e9cher<\/b><span style=\"font-weight: 400;\">. <\/span><\/p>\n<p><span style=\"font-weight: 400;\">Enfin, si vous souhaitez apporter une touche originale \u00e0 votre meuble TV, nous vous conseillons de peindre des <\/span><b>motifs ou des imprim\u00e9s<\/b><span style=\"font-weight: 400;\"> stylis\u00e9s\u00a0! Si vous vous sentez artiste, prenez un crayon \u00e0 papier, tracez votre motif et \u00e0 l\u2019aide d\u2019un fin pinceau, suivez votre trac\u00e9 sans trembler. Vous n\u2019avez pas un bon coup de crayon (ou de pinceau)\u00a0? Il existe heureusement des pochoirs et des pinceaux \u00e0 tamponner qui sauront parfaitement lui donner un c\u00f4t\u00e9 d\u00e9cal\u00e9. <\/span><\/p>\n<p><span style=\"font-weight: 400;\">Vous voici fin pr\u00eat pour mettre les mains dans la peinture\u00a0: n\u2019h\u00e9sitez pas \u00e0 nous raconter dans les commentaires de cette page comment se sont pass\u00e9s vos travaux, et rendez-vous sur notre site <a href=\"https:\/\/delormdesign.com\/\">Delorm Design<\/a> pour d\u00e9couvrir notre s\u00e9lection de <a href=\"https:\/\/delormdesign.com\/33-meubles-tv-buffets-assortis\">meubles TV<\/a> en bois brut !<\/span><\/p>\n<p><strong>\u00a0A lire sur le m\u00eame sujet :\u00a0<\/strong><\/p>\n<ul>\n<li><a href=\"https:\/\/delormdesign.com\/blog\/meuble-tv-teck\/\">Meuble TV Teck<\/a><\/li>\n<li>\n<p class=\"entry-title\"><a href=\"https:\/\/delormdesign.com\/blog\/meuble-tv-teck\/4-bonnes-raisons-de-choisir-meuble-tv-bois-clair\/\">4 bonnes raisons de choisir un meuble TV en bois clair<\/a><\/p>\n<\/li>\n<li><a href=\"https:\/\/delormdesign.com\/blog\/meuble-tv-teck\/meuble-tv-bois-massif-contemporain\/\">Le meuble TV en bois massif contemporain: un must-have dans votre salon<\/a><\/li>\n<li class=\"entry-title\"><a href=\"https:\/\/delormdesign.com\/blog\/meuble-tv-teck\/pourquoi-acheter-un-meuble-tv-teck-sur-la-redoute\/\">Pourquoi acheter un meuble TV Teck sur La Redoute ?<\/a><\/li>\n<li class=\"entry-title\"><a href=\"https:\/\/delormdesign.com\/blog\/meuble-tv-teck\/meubles-dinterieur-palissandre-de-qualite-de-lexotisme-cher\/\">Les meubles d\u2019int\u00e9rieur en palissandre : de la qualit\u00e9 et de l\u2019exotisme pour pas cher<\/a><\/li>\n<li class=\"entry-title\"><a href=\"https:\/\/delormdesign.com\/blog\/meuble-tv-teck\/meuble-tv-teck-alinea-differences-et-alternatives\/\">Meuble TV Teck Alin\u00e9a : diff\u00e9rences et alternatives<\/a><\/li>\n<\/ul>\n","protected":false},"excerpt":{"rendered":"<p>Quoi de mieux qu\u2019une petite couche de peinture pour relooker un meuble t\u00e9l\u00e9 qui a bien v\u00e9cu et lui redonner son aspect neuf d\u2019avant\u00a0? Dans cet article, nous vous apprenons pas-\u00e0-pas \u00e0 peindre votre meuble, le vernir et le faire s\u00e9cher comme un pro\u00a0et pour un prix mod\u00e9r\u00e9. Place au pouvoir rajeunissant du coup de [&hellip;]<\/p>\n","protected":false},"author":12,"featured_media":0,"parent":912,"menu_order":0,"comment_status":"closed","ping_status":"closed","template":"","meta":[],"categories":[],"tags":[],"yoast_head":"<!-- This site is optimized with the Yoast SEO plugin v19.3 - https:\/\/yoast.com\/wordpress\/plugins\/seo\/ -->\n<title>Comment peindre son meuble TV en bois brut ? &bull; Blog Design Jardin &amp; Int\u00e9rieur | Tendance D\u00e9co<\/title>\n<meta name=\"description\" content=\"Dans cet article, d\u00e9couvrez comment peindre votre meuble tv en bois brut, le vernir et le faire s\u00e9cher comme un pro et pour un prix mod\u00e9r\u00e9.\" \/>\n<meta name=\"robots\" content=\"index, follow, max-snippet:-1, max-image-preview:large, max-video-preview:-1\" \/>\n<link rel=\"canonical\" href=\"https:\/\/delormdesign.com\/blog\/meuble-tv-teck\/peindre-meuble-tv-bois-brut\/\" \/>\n<meta property=\"og:locale\" content=\"fr_FR\" \/>\n<meta property=\"og:type\" content=\"article\" \/>\n<meta property=\"og:title\" content=\"Comment peindre son meuble TV en bois brut ? &bull; Blog Design Jardin &amp; Int\u00e9rieur | Tendance D\u00e9co\" \/>\n<meta property=\"og:description\" content=\"Dans cet article, d\u00e9couvrez comment peindre votre meuble tv en bois brut, le vernir et le faire s\u00e9cher comme un pro et pour un prix mod\u00e9r\u00e9.\" \/>\n<meta property=\"og:url\" content=\"https:\/\/delormdesign.com\/blog\/meuble-tv-teck\/peindre-meuble-tv-bois-brut\/\" \/>\n<meta property=\"og:site_name\" content=\"Blog Design Jardin &amp; Int\u00e9rieur | Tendance D\u00e9co\" \/>\n<meta property=\"article:publisher\" content=\"https:\/\/www.facebook.com\/delormdesign\/\" \/>\n<meta property=\"article:modified_time\" content=\"2021-06-26T09:12:39+00:00\" \/>\n<meta property=\"og:image\" content=\"https:\/\/delormdesign.com\/blog\/wp-content\/uploads\/2018\/07\/meuble-tv-peindre-bois-brut-1024x683.jpg\" \/>\n<meta name=\"twitter:card\" content=\"summary\" \/>\n<meta name=\"twitter:label1\" content=\"Est. reading time\" \/>\n\t<meta name=\"twitter:data1\" content=\"6 minutes\" \/>\n<script type=\"application\/ld+json\" class=\"yoast-schema-graph\">{\"@context\":\"https:\/\/schema.org\",\"@graph\":[{\"@type\":\"WebSite\",\"@id\":\"https:\/\/delormdesign.com\/blog\/#website\",\"url\":\"https:\/\/delormdesign.com\/blog\/\",\"name\":\"Blog Design Jardin &amp; Int\u00e9rieur | Tendance D\u00e9co\",\"description\":\"Jardin &amp; Int\u00e9rieur | Tendance D\u00e9co\",\"potentialAction\":[{\"@type\":\"SearchAction\",\"target\":{\"@type\":\"EntryPoint\",\"urlTemplate\":\"https:\/\/delormdesign.com\/blog\/?s={search_term_string}\"},\"query-input\":\"required name=search_term_string\"}],\"inLanguage\":\"fr-FR\"},{\"@type\":\"ImageObject\",\"inLanguage\":\"fr-FR\",\"@id\":\"https:\/\/delormdesign.com\/blog\/meuble-tv-teck\/peindre-meuble-tv-bois-brut\/#primaryimage\",\"url\":\"https:\/\/delormdesign.com\/blog\/wp-content\/uploads\/2018\/07\/meuble-tv-peindre-bois-brut.jpg\",\"contentUrl\":\"https:\/\/delormdesign.com\/blog\/wp-content\/uploads\/2018\/07\/meuble-tv-peindre-bois-brut.jpg\",\"width\":2560,\"height\":1707,\"caption\":\"meuble TV bois brut peindre\"},{\"@type\":\"WebPage\",\"@id\":\"https:\/\/delormdesign.com\/blog\/meuble-tv-teck\/peindre-meuble-tv-bois-brut\/\",\"url\":\"https:\/\/delormdesign.com\/blog\/meuble-tv-teck\/peindre-meuble-tv-bois-brut\/\",\"name\":\"Comment peindre son meuble TV en bois brut ? &bull; Blog Design Jardin &amp; Int\u00e9rieur | Tendance D\u00e9co\",\"isPartOf\":{\"@id\":\"https:\/\/delormdesign.com\/blog\/#website\"},\"primaryImageOfPage\":{\"@id\":\"https:\/\/delormdesign.com\/blog\/meuble-tv-teck\/peindre-meuble-tv-bois-brut\/#primaryimage\"},\"datePublished\":\"2018-07-07T11:24:04+00:00\",\"dateModified\":\"2021-06-26T09:12:39+00:00\",\"description\":\"Dans cet article, d\u00e9couvrez comment peindre votre meuble tv en bois brut, le vernir et le faire s\u00e9cher comme un pro et pour un prix mod\u00e9r\u00e9.\",\"breadcrumb\":{\"@id\":\"https:\/\/delormdesign.com\/blog\/meuble-tv-teck\/peindre-meuble-tv-bois-brut\/#breadcrumb\"},\"inLanguage\":\"fr-FR\",\"potentialAction\":[{\"@type\":\"ReadAction\",\"target\":[\"https:\/\/delormdesign.com\/blog\/meuble-tv-teck\/peindre-meuble-tv-bois-brut\/\"]}]},{\"@type\":\"BreadcrumbList\",\"@id\":\"https:\/\/delormdesign.com\/blog\/meuble-tv-teck\/peindre-meuble-tv-bois-brut\/#breadcrumb\",\"itemListElement\":[{\"@type\":\"ListItem\",\"position\":1,\"name\":\"Accueil\",\"item\":\"https:\/\/delormdesign.com\/blog\/\"},{\"@type\":\"ListItem\",\"position\":2,\"name\":\"Meuble TV teck\",\"item\":\"https:\/\/delormdesign.com\/blog\/meuble-tv-teck\/\"},{\"@type\":\"ListItem\",\"position\":3,\"name\":\"Comment peindre son meuble TV en bois brut ?\"}]}]}<\/script>\n<!-- \/ Yoast SEO plugin. -->","yoast_head_json":{"title":"Comment peindre son meuble TV en bois brut ? &bull; Blog Design Jardin &amp; Int\u00e9rieur | Tendance D\u00e9co","description":"Dans cet article, d\u00e9couvrez comment peindre votre meuble tv en bois brut, le vernir et le faire s\u00e9cher comme un pro et pour un prix mod\u00e9r\u00e9.","robots":{"index":"index","follow":"follow","max-snippet":"max-snippet:-1","max-image-preview":"max-image-preview:large","max-video-preview":"max-video-preview:-1"},"canonical":"https:\/\/delormdesign.com\/blog\/meuble-tv-teck\/peindre-meuble-tv-bois-brut\/","og_locale":"fr_FR","og_type":"article","og_title":"Comment peindre son meuble TV en bois brut ? &bull; Blog Design Jardin &amp; Int\u00e9rieur | Tendance D\u00e9co","og_description":"Dans cet article, d\u00e9couvrez comment peindre votre meuble tv en bois brut, le vernir et le faire s\u00e9cher comme un pro et pour un prix mod\u00e9r\u00e9.","og_url":"https:\/\/delormdesign.com\/blog\/meuble-tv-teck\/peindre-meuble-tv-bois-brut\/","og_site_name":"Blog Design Jardin &amp; Int\u00e9rieur | Tendance D\u00e9co","article_publisher":"https:\/\/www.facebook.com\/delormdesign\/","article_modified_time":"2021-06-26T09:12:39+00:00","og_image":[{"url":"https:\/\/delormdesign.com\/blog\/wp-content\/uploads\/2018\/07\/meuble-tv-peindre-bois-brut-1024x683.jpg"}],"twitter_card":"summary","twitter_misc":{"Est. reading time":"6 minutes"},"schema":{"@context":"https:\/\/schema.org","@graph":[{"@type":"WebSite","@id":"https:\/\/delormdesign.com\/blog\/#website","url":"https:\/\/delormdesign.com\/blog\/","name":"Blog Design Jardin &amp; Int\u00e9rieur | Tendance D\u00e9co","description":"Jardin &amp; Int\u00e9rieur | Tendance D\u00e9co","potentialAction":[{"@type":"SearchAction","target":{"@type":"EntryPoint","urlTemplate":"https:\/\/delormdesign.com\/blog\/?s={search_term_string}"},"query-input":"required name=search_term_string"}],"inLanguage":"fr-FR"},{"@type":"ImageObject","inLanguage":"fr-FR","@id":"https:\/\/delormdesign.com\/blog\/meuble-tv-teck\/peindre-meuble-tv-bois-brut\/#primaryimage","url":"https:\/\/delormdesign.com\/blog\/wp-content\/uploads\/2018\/07\/meuble-tv-peindre-bois-brut.jpg","contentUrl":"https:\/\/delormdesign.com\/blog\/wp-content\/uploads\/2018\/07\/meuble-tv-peindre-bois-brut.jpg","width":2560,"height":1707,"caption":"meuble TV bois brut peindre"},{"@type":"WebPage","@id":"https:\/\/delormdesign.com\/blog\/meuble-tv-teck\/peindre-meuble-tv-bois-brut\/","url":"https:\/\/delormdesign.com\/blog\/meuble-tv-teck\/peindre-meuble-tv-bois-brut\/","name":"Comment peindre son meuble TV en bois brut ? &bull; Blog Design Jardin &amp; Int\u00e9rieur | Tendance D\u00e9co","isPartOf":{"@id":"https:\/\/delormdesign.com\/blog\/#website"},"primaryImageOfPage":{"@id":"https:\/\/delormdesign.com\/blog\/meuble-tv-teck\/peindre-meuble-tv-bois-brut\/#primaryimage"},"datePublished":"2018-07-07T11:24:04+00:00","dateModified":"2021-06-26T09:12:39+00:00","description":"Dans cet article, d\u00e9couvrez comment peindre votre meuble tv en bois brut, le vernir et le faire s\u00e9cher comme un pro et pour un prix mod\u00e9r\u00e9.","breadcrumb":{"@id":"https:\/\/delormdesign.com\/blog\/meuble-tv-teck\/peindre-meuble-tv-bois-brut\/#breadcrumb"},"inLanguage":"fr-FR","potentialAction":[{"@type":"ReadAction","target":["https:\/\/delormdesign.com\/blog\/meuble-tv-teck\/peindre-meuble-tv-bois-brut\/"]}]},{"@type":"BreadcrumbList","@id":"https:\/\/delormdesign.com\/blog\/meuble-tv-teck\/peindre-meuble-tv-bois-brut\/#breadcrumb","itemListElement":[{"@type":"ListItem","position":1,"name":"Accueil","item":"https:\/\/delormdesign.com\/blog\/"},{"@type":"ListItem","position":2,"name":"Meuble TV teck","item":"https:\/\/delormdesign.com\/blog\/meuble-tv-teck\/"},{"@type":"ListItem","position":3,"name":"Comment peindre son meuble TV en bois brut ?"}]}]}},"amp_enabled":true,"_links":{"self":[{"href":"https:\/\/delormdesign.com\/blog\/wp-json\/wp\/v2\/pages\/947"}],"collection":[{"href":"https:\/\/delormdesign.com\/blog\/wp-json\/wp\/v2\/pages"}],"about":[{"href":"https:\/\/delormdesign.com\/blog\/wp-json\/wp\/v2\/types\/page"}],"author":[{"embeddable":true,"href":"https:\/\/delormdesign.com\/blog\/wp-json\/wp\/v2\/users\/12"}],"replies":[{"embeddable":true,"href":"https:\/\/delormdesign.com\/blog\/wp-json\/wp\/v2\/comments?post=947"}],"version-history":[{"count":1,"href":"https:\/\/delormdesign.com\/blog\/wp-json\/wp\/v2\/pages\/947\/revisions"}],"predecessor-version":[{"id":2544,"href":"https:\/\/delormdesign.com\/blog\/wp-json\/wp\/v2\/pages\/947\/revisions\/2544"}],"up":[{"embeddable":true,"href":"https:\/\/delormdesign.com\/blog\/wp-json\/wp\/v2\/pages\/912"}],"wp:attachment":[{"href":"https:\/\/delormdesign.com\/blog\/wp-json\/wp\/v2\/media?parent=947"}],"wp:term":[{"taxonomy":"category","embeddable":true,"href":"https:\/\/delormdesign.com\/blog\/wp-json\/wp\/v2\/categories?post=947"},{"taxonomy":"post_tag","embeddable":true,"href":"https:\/\/delormdesign.com\/blog\/wp-json\/wp\/v2\/tags?post=947"}],"curies":[{"name":"wp","href":"https:\/\/api.w.org\/{rel}","templated":true}]}}