{"id":964,"date":"2018-07-10T15:01:07","date_gmt":"2018-07-10T15:01:07","guid":{"rendered":"https:\/\/delormdesign.com\/blog\/?page_id=964"},"modified":"2021-06-26T09:11:25","modified_gmt":"2021-06-26T09:11:25","slug":"4-bonnes-raisons-de-choisir-meuble-tv-bois-clair","status":"publish","type":"page","link":"https:\/\/delormdesign.com\/blog\/meuble-tv-teck\/4-bonnes-raisons-de-choisir-meuble-tv-bois-clair\/","title":{"rendered":"4 bonnes raisons de choisir un meuble TV en bois clair"},"content":{"rendered":"<p>Envie d\u2019apporter une touche de frais \u00e0 la scandinave et de style \u00e0 votre living\u00a0? Et si vous craquiez pour <strong>un meuble TV en bois<\/strong>\u00a0? Nous vous donnons 4 bonnes raisons d\u2019adopter ce nouveau mobilier pour votre t\u00e9l\u00e9vision.<\/p>\n<h2>1) Le bois clair, un mat\u00e9riau qui s\u2019adapte \u00e0 tous les styles<\/h2>\n<p>Que votre living-room soit moderne, industriel, traditionnel ou que vous le consid\u00e9riez comme une v\u00e9ritable pi\u00e8ce artistique, le bois se pr\u00e9sente comme le <strong>mat\u00e9riau id\u00e9al<\/strong> pour un votre meuble t\u00e9l\u00e9. Il s\u2019adapte \u00e0 tous les designs pour habiller votre t\u00e9l\u00e9viseur et le mettre en valeur\u00a0: avec des murs blancs, le bois apporte un c\u00f4t\u00e9 \u00e9pur\u00e9 au reste de la pi\u00e8ce. De plus, vous pourrez trouver un large choix de meubles TV qui vous conviennent dans la gamme de prix dont vous disposez.<\/p>\n<h2>2) Un mat\u00e9riau durable et facile d\u2019entretien<\/h2>\n<p>Vous souhaitez investir dans un mobilier durable, qui vous durera pendant plusieurs ann\u00e9es sans avoir \u00e0 vous soucier d\u2019un entretien trop contraignant. L\u2019entretien du bois se fait en 3 \u00e9tapes, une fois par an\u00a0:<\/p>\n<ul>\n<li><strong>Traiter<\/strong>: certains termites s\u2019installent dans les meubles de salon et se mettent \u00e0 ronger le bois. Pour lutter contre l\u2019attaque de ces vermines, il existe des produits bien sp\u00e9cifiques pour se d\u00e9barrasser des insectes selon le type de bois de votre mobilier.<\/li>\n<li><strong>Poncer\u00a0<\/strong>: si vous souhaitez am\u00e9liorer la qualit\u00e9 de votre bois, il est recommand\u00e9 de poncer votre meuble une fois par an pour le rendre plus lisse et lui enlever ses potentiels d\u00e9fauts.<\/li>\n<li><strong>Vernir<\/strong>: pour redonner un petit coup de neuf \u00e0 votre meuble, une simple couche de vernis saura faire la diff\u00e9rence. Pensez \u00e0 bien le laisser s\u00e9cher sans mettre les mains dessus et le tour est jou\u00e9\u00a0!<\/li>\n<\/ul>\n<p>Si vous vous sentez l\u2019\u00e2me d\u2019un bricoleur ou d\u2019un artiste, vous pouvez m\u00eame repeindre votre meuble et lui offrir une toute nouvelle allure\u00a0! Pour cela, suivez notre guide pour vous aider \u00e0 <a href=\"https:\/\/delormdesign.com\/blog\/meuble-tv-teck\/peindre-meuble-tv-bois-brut\/\">repeindre votre meuble TV en bois brut<\/a>.<\/p>\n<p><img loading=\"lazy\" id=\"exifviewer-img-1\" class=\"aligncenter wp-image-968 size-large\" src=\"https:\/\/delormdesign.com\/blog\/wp-content\/uploads\/2018\/07\/peindre-meuble-tv-en-bois-brut-1024x684.jpg\" alt=\"4 bonnes raison de choisir un meuble en bois clair entretien\" width=\"980\" height=\"655\" srcset=\"https:\/\/delormdesign.com\/blog\/wp-content\/uploads\/2018\/07\/peindre-meuble-tv-en-bois-brut-1024x684.jpg 1024w, https:\/\/delormdesign.com\/blog\/wp-content\/uploads\/2018\/07\/peindre-meuble-tv-en-bois-brut-300x200.jpg 300w, https:\/\/delormdesign.com\/blog\/wp-content\/uploads\/2018\/07\/peindre-meuble-tv-en-bois-brut-768x513.jpg 768w, https:\/\/delormdesign.com\/blog\/wp-content\/uploads\/2018\/07\/peindre-meuble-tv-en-bois-brut-940x627.jpg 940w\" sizes=\"(max-width: 980px) 100vw, 980px\" \/><\/p>\n<h2>3) Les s\u00e9duisantes fonctionnalit\u00e9s du bois pour un meuble TV<\/h2>\n<p>Flexible dans sa forme, le bois peut \u00eatre ponc\u00e9 pour \u00eatre rectiligne ou arrondi et s\u2019adapter aux dimensions et \u00e0 l\u2019organisation de votre living. Afin de bien choisir son mobilier, il est primordial de prendre en compte <strong>2 caract\u00e9ristiques de votre pi\u00e8ce \u00e0 vivre<\/strong>\u00a0:<\/p>\n<h3>Un meuble qui s\u2019approprie l\u2019espace autour de votre t\u00e9l\u00e9<\/h3>\n<p>Selon la position de votre t\u00e9l\u00e9viseur dans la pi\u00e8ce, vous trouverez un meuble qui prendra en compte cet espace. Pour tous les <strong>cas de figure suivants<\/strong>, il existe un meuble en bois massif qui pourra prendre place dans votre living\u00a0:<\/p>\n<ul>\n<li>Votre t\u00e9l\u00e9 est <strong>parall\u00e8le au mur<\/strong>: c\u2019est la mani\u00e8re la plus courante d\u2019orienter son \u00e9cran. Vous disposez donc d\u2019un large choix de meubles de toutes tailles et de toutes formes pour habiller votre t\u00e9l\u00e9vision.<\/li>\n<li>Votre \u00e9cran est <strong>mural<\/strong>: c\u2019est pour vous l\u2019occasion de choisir un meuble aux caract\u00e9ristiques originales pour habiller votre TV tout en lui donnant un aspect plus contemporain et dynamique.<\/li>\n<li>Votre t\u00e9l\u00e9 se situe <strong>dans un angle<\/strong>: pas de panique\u00a0! Il existe de tr\u00e8s beaux meubles d\u2019angles en bois qui sauront convenir \u00e0 toutes vos attentes (surface, esth\u00e9tisme, dimensions\u2026).<\/li>\n<\/ul>\n<p><img loading=\"lazy\" class=\"alignnone size-large wp-image-970 aligncenter\" src=\"https:\/\/delormdesign.com\/blog\/wp-content\/uploads\/2018\/07\/meuble-tv-bois-clair-delorm-1024x689.jpg\" alt=\"\" width=\"980\" height=\"659\" srcset=\"https:\/\/delormdesign.com\/blog\/wp-content\/uploads\/2018\/07\/meuble-tv-bois-clair-delorm-1024x689.jpg 1024w, https:\/\/delormdesign.com\/blog\/wp-content\/uploads\/2018\/07\/meuble-tv-bois-clair-delorm-300x202.jpg 300w, https:\/\/delormdesign.com\/blog\/wp-content\/uploads\/2018\/07\/meuble-tv-bois-clair-delorm-768x517.jpg 768w, https:\/\/delormdesign.com\/blog\/wp-content\/uploads\/2018\/07\/meuble-tv-bois-clair-delorm-940x633.jpg 940w, https:\/\/delormdesign.com\/blog\/wp-content\/uploads\/2018\/07\/meuble-tv-bois-clair-delorm.jpg 1604w\" sizes=\"(max-width: 980px) 100vw, 980px\" \/><\/p>\n<p>Peu importe la position de votre \u00e9cran la pi\u00e8ce, vous parviendrez \u00e0 trouver un mobilier qui saura r\u00e9pondre \u00e0 tous vos crit\u00e8res d\u2019exigence, que ce soit au niveau <strong>de l\u2019esth\u00e9tisme, de son allure ou de ses dimensions<\/strong>.<\/p>\n<h3>Un meuble multifonctions pour ma pi\u00e8ce \u00e0 vivre<\/h3>\n<p>Votre meuble ne devrait pas se contenter de n\u2019\u00eatre qu\u2019un support pour votre TV\u00a0! Profitez des nombreuses fonctionnalit\u00e9s qu\u2019il peut proposer pour un gain de place dans votre pi\u00e8ce et un gain d\u2019argent dans l\u2019ameublement de votre living.<\/p>\n<p>Si vous aimez profiter de la lumi\u00e8re naturelle pour d\u00e9vorer un bon roman, nous vous recommandons de choisir un <strong>mobilier qui fera biblioth\u00e8que<\/strong>\u00a0: ainsi, vous m\u00e9langez 2 divertissements culturels au sein d\u2019une m\u00eame pi\u00e8ce, la transformant en un v\u00e9ritable coin cosy et d\u00e9tente.<\/p>\n<p>Vos enfants laissent toujours tra\u00eener les t\u00e9l\u00e9commandes ou les manettes de jeu n\u2019importe o\u00f9\u00a0? Vous passez plus de temps \u00e0 remettre en ordre votre living-room plut\u00f4t qu\u2019\u00e0 profiter du canap\u00e9\u00a0? Nous comprenons\u00a0: optez alors pour un meuble avec <strong>des tiroirs ou des rangements<\/strong> accommodants pour vous simplifier la vie au quotidien.<\/p>\n<p><img loading=\"lazy\" class=\"alignnone size-large wp-image-972 aligncenter\" src=\"https:\/\/delormdesign.com\/blog\/wp-content\/uploads\/2018\/07\/meuble-tv-bois-clair-tiroirs-1024x576.jpg\" alt=\"\" width=\"980\" height=\"551\" srcset=\"https:\/\/delormdesign.com\/blog\/wp-content\/uploads\/2018\/07\/meuble-tv-bois-clair-tiroirs-1024x576.jpg 1024w, https:\/\/delormdesign.com\/blog\/wp-content\/uploads\/2018\/07\/meuble-tv-bois-clair-tiroirs-300x169.jpg 300w, https:\/\/delormdesign.com\/blog\/wp-content\/uploads\/2018\/07\/meuble-tv-bois-clair-tiroirs-768x432.jpg 768w, https:\/\/delormdesign.com\/blog\/wp-content\/uploads\/2018\/07\/meuble-tv-bois-clair-tiroirs-940x529.jpg 940w\" sizes=\"(max-width: 980px) 100vw, 980px\" \/><\/p>\n<p>Pour un c\u00f4t\u00e9 plus d\u00e9coratif et simple, il existe des meubles poss\u00e9dants de grandes portes pour <strong>camoufler votre t\u00e9l\u00e9viseur<\/strong> quand vous ne l\u2019utilisez pas\u00a0: cette fonction vous permet ainsi de garder un aspect plus traditionnel dans votre pi\u00e8ce \u00e0 vivre et de ne pas faire de votre \u00e9cran l\u2019objet principal au c\u0153ur de la pi\u00e8ce.<\/p>\n<h2>4) <a href=\"https:\/\/delormdesign.com\/\">Delorm Design<\/a>, un professionnel du meuble en bois pour TV<\/h2>\n<p>Vous n\u2019\u00eates toujours pas convaincu\u00a0? Il vous reste quelques doutes\u00a0? Nous vous donnons rendez-vous sur notre site <a href=\"https:\/\/delormdesign.com\/\">Delorm Design<\/a> pour jeter un \u0153il \u00e0 notre ligne de <a href=\"https:\/\/delormdesign.com\/33-meubles-tv-buffets-assortis\" data-wplink-edit=\"true\">meubles TV en bois<\/a> disponible pour toutes les gammes de prix et vous laisser tenter par nos r\u00e9ductions de l\u2019\u00e9t\u00e9.<\/p>\n<p>Pour l\u2019achat d\u2019un meuble t\u00e9l\u00e9 en bois sur notre site, profitez d\u2019un <strong>paiement en 3 fois sans frais<\/strong> pour un mobilier de qualit\u00e9 et une <strong>livraison gratuite<\/strong> chez vous\u00a0!<\/p>\n<p>N\u2019h\u00e9sitez pas \u00e0 nous donner votre avis sur cet article dans les commentaires de cette page\u00a0: nous avons h\u00e2te de vous lire et nous esp\u00e9rons vous avoir aid\u00e9 dans votre recherche de mobilier TV\u00a0!<\/p>\n<p><strong>\u00a0A lire sur le m\u00eame sujet :\u00a0<\/strong><\/p>\n<ul>\n<li><a href=\"https:\/\/delormdesign.com\/blog\/meuble-tv-teck\/\">Meuble TV Teck<\/a><\/li>\n<li><a href=\"https:\/\/delormdesign.com\/blog\/meuble-tv-teck\/peindre-meuble-tv-bois-brut\/\">Comment peindre son meuble TV en bois brut ?<\/a><\/li>\n<li><a href=\"https:\/\/delormdesign.com\/blog\/meuble-tv-teck\/meuble-tv-bois-massif-contemporain\/\">Le meuble TV en bois massif contemporain: un must-have dans votre salon<\/a><\/li>\n<li class=\"entry-title\"><a href=\"https:\/\/delormdesign.com\/blog\/meuble-tv-teck\/pourquoi-acheter-un-meuble-tv-teck-sur-la-redoute\/\">Pourquoi acheter un meuble TV Teck sur La Redoute ?<\/a><\/li>\n<li class=\"entry-title\"><a href=\"https:\/\/delormdesign.com\/blog\/meuble-tv-teck\/meubles-dinterieur-palissandre-de-qualite-de-lexotisme-cher\/\">Les meubles d\u2019int\u00e9rieur en palissandre : de la qualit\u00e9 et de l\u2019exotisme pour pas cher<\/a><\/li>\n<li class=\"entry-title\"><a href=\"https:\/\/delormdesign.com\/blog\/meuble-tv-teck\/meuble-tv-teck-alinea-differences-et-alternatives\/\">Meuble TV Teck Alin\u00e9a : diff\u00e9rences et alternatives<\/a><\/li>\n<\/ul>\n","protected":false},"excerpt":{"rendered":"<p>Envie d\u2019apporter une touche de frais \u00e0 la scandinave et de style \u00e0 votre living\u00a0? Et si vous craquiez pour un meuble TV en bois\u00a0? Nous vous donnons 4 bonnes raisons d\u2019adopter ce nouveau mobilier pour votre t\u00e9l\u00e9vision. 1) Le bois clair, un mat\u00e9riau qui s\u2019adapte \u00e0 tous les styles Que votre living-room soit moderne, [&hellip;]<\/p>\n","protected":false},"author":12,"featured_media":0,"parent":912,"menu_order":0,"comment_status":"closed","ping_status":"closed","template":"","meta":[],"categories":[],"tags":[],"yoast_head":"<!-- This site is optimized with the Yoast SEO plugin v19.3 - https:\/\/yoast.com\/wordpress\/plugins\/seo\/ -->\n<title>4 bonnes raisons de choisir un meuble TV en bois clair &bull; Blog Design Jardin &amp; Int\u00e9rieur | Tendance D\u00e9co<\/title>\n<meta name=\"description\" content=\"Envie d\u2019apporter une touche de frais \u00e0 la scandinave et de style \u00e0 votre living ? Et si vous craquiez pour un meuble TV en bois ?\" \/>\n<meta name=\"robots\" content=\"index, follow, max-snippet:-1, max-image-preview:large, max-video-preview:-1\" \/>\n<link rel=\"canonical\" href=\"https:\/\/delormdesign.com\/blog\/meuble-tv-teck\/4-bonnes-raisons-de-choisir-meuble-tv-bois-clair\/\" \/>\n<meta property=\"og:locale\" content=\"fr_FR\" \/>\n<meta property=\"og:type\" content=\"article\" \/>\n<meta property=\"og:title\" content=\"4 bonnes raisons de choisir un meuble TV en bois clair &bull; Blog Design Jardin &amp; Int\u00e9rieur | Tendance D\u00e9co\" \/>\n<meta property=\"og:description\" content=\"Envie d\u2019apporter une touche de frais \u00e0 la scandinave et de style \u00e0 votre living ? Et si vous craquiez pour un meuble TV en bois ?\" \/>\n<meta property=\"og:url\" content=\"https:\/\/delormdesign.com\/blog\/meuble-tv-teck\/4-bonnes-raisons-de-choisir-meuble-tv-bois-clair\/\" \/>\n<meta property=\"og:site_name\" content=\"Blog Design Jardin &amp; Int\u00e9rieur | Tendance D\u00e9co\" \/>\n<meta property=\"article:publisher\" content=\"https:\/\/www.facebook.com\/delormdesign\/\" \/>\n<meta property=\"article:modified_time\" content=\"2021-06-26T09:11:25+00:00\" \/>\n<meta property=\"og:image\" content=\"https:\/\/delormdesign.com\/blog\/wp-content\/uploads\/2018\/07\/peindre-meuble-tv-en-bois-brut-1024x684.jpg\" \/>\n<meta name=\"twitter:card\" content=\"summary\" \/>\n<meta name=\"twitter:label1\" content=\"Est. reading time\" \/>\n\t<meta name=\"twitter:data1\" content=\"5 minutes\" \/>\n<script type=\"application\/ld+json\" class=\"yoast-schema-graph\">{\"@context\":\"https:\/\/schema.org\",\"@graph\":[{\"@type\":\"WebSite\",\"@id\":\"https:\/\/delormdesign.com\/blog\/#website\",\"url\":\"https:\/\/delormdesign.com\/blog\/\",\"name\":\"Blog Design Jardin &amp; Int\u00e9rieur | Tendance D\u00e9co\",\"description\":\"Jardin &amp; Int\u00e9rieur | Tendance D\u00e9co\",\"potentialAction\":[{\"@type\":\"SearchAction\",\"target\":{\"@type\":\"EntryPoint\",\"urlTemplate\":\"https:\/\/delormdesign.com\/blog\/?s={search_term_string}\"},\"query-input\":\"required name=search_term_string\"}],\"inLanguage\":\"fr-FR\"},{\"@type\":\"ImageObject\",\"inLanguage\":\"fr-FR\",\"@id\":\"https:\/\/delormdesign.com\/blog\/meuble-tv-teck\/4-bonnes-raisons-de-choisir-meuble-tv-bois-clair\/#primaryimage\",\"url\":\"https:\/\/delormdesign.com\/blog\/wp-content\/uploads\/2018\/07\/peindre-meuble-tv-en-bois-brut.jpg\",\"contentUrl\":\"https:\/\/delormdesign.com\/blog\/wp-content\/uploads\/2018\/07\/peindre-meuble-tv-en-bois-brut.jpg\",\"width\":2560,\"height\":1709},{\"@type\":\"WebPage\",\"@id\":\"https:\/\/delormdesign.com\/blog\/meuble-tv-teck\/4-bonnes-raisons-de-choisir-meuble-tv-bois-clair\/\",\"url\":\"https:\/\/delormdesign.com\/blog\/meuble-tv-teck\/4-bonnes-raisons-de-choisir-meuble-tv-bois-clair\/\",\"name\":\"4 bonnes raisons de choisir un meuble TV en bois clair &bull; Blog Design Jardin &amp; Int\u00e9rieur | Tendance D\u00e9co\",\"isPartOf\":{\"@id\":\"https:\/\/delormdesign.com\/blog\/#website\"},\"primaryImageOfPage\":{\"@id\":\"https:\/\/delormdesign.com\/blog\/meuble-tv-teck\/4-bonnes-raisons-de-choisir-meuble-tv-bois-clair\/#primaryimage\"},\"datePublished\":\"2018-07-10T15:01:07+00:00\",\"dateModified\":\"2021-06-26T09:11:25+00:00\",\"description\":\"Envie d\u2019apporter une touche de frais \u00e0 la scandinave et de style \u00e0 votre living ? Et si vous craquiez pour un meuble TV en bois ?\",\"breadcrumb\":{\"@id\":\"https:\/\/delormdesign.com\/blog\/meuble-tv-teck\/4-bonnes-raisons-de-choisir-meuble-tv-bois-clair\/#breadcrumb\"},\"inLanguage\":\"fr-FR\",\"potentialAction\":[{\"@type\":\"ReadAction\",\"target\":[\"https:\/\/delormdesign.com\/blog\/meuble-tv-teck\/4-bonnes-raisons-de-choisir-meuble-tv-bois-clair\/\"]}]},{\"@type\":\"BreadcrumbList\",\"@id\":\"https:\/\/delormdesign.com\/blog\/meuble-tv-teck\/4-bonnes-raisons-de-choisir-meuble-tv-bois-clair\/#breadcrumb\",\"itemListElement\":[{\"@type\":\"ListItem\",\"position\":1,\"name\":\"Accueil\",\"item\":\"https:\/\/delormdesign.com\/blog\/\"},{\"@type\":\"ListItem\",\"position\":2,\"name\":\"Meuble TV teck\",\"item\":\"https:\/\/delormdesign.com\/blog\/meuble-tv-teck\/\"},{\"@type\":\"ListItem\",\"position\":3,\"name\":\"4 bonnes raisons de choisir un meuble TV en bois clair\"}]}]}<\/script>\n<!-- \/ Yoast SEO plugin. -->","yoast_head_json":{"title":"4 bonnes raisons de choisir un meuble TV en bois clair &bull; Blog Design Jardin &amp; Int\u00e9rieur | Tendance D\u00e9co","description":"Envie d\u2019apporter une touche de frais \u00e0 la scandinave et de style \u00e0 votre living ? Et si vous craquiez pour un meuble TV en bois ?","robots":{"index":"index","follow":"follow","max-snippet":"max-snippet:-1","max-image-preview":"max-image-preview:large","max-video-preview":"max-video-preview:-1"},"canonical":"https:\/\/delormdesign.com\/blog\/meuble-tv-teck\/4-bonnes-raisons-de-choisir-meuble-tv-bois-clair\/","og_locale":"fr_FR","og_type":"article","og_title":"4 bonnes raisons de choisir un meuble TV en bois clair &bull; Blog Design Jardin &amp; Int\u00e9rieur | Tendance D\u00e9co","og_description":"Envie d\u2019apporter une touche de frais \u00e0 la scandinave et de style \u00e0 votre living ? Et si vous craquiez pour un meuble TV en bois ?","og_url":"https:\/\/delormdesign.com\/blog\/meuble-tv-teck\/4-bonnes-raisons-de-choisir-meuble-tv-bois-clair\/","og_site_name":"Blog Design Jardin &amp; Int\u00e9rieur | Tendance D\u00e9co","article_publisher":"https:\/\/www.facebook.com\/delormdesign\/","article_modified_time":"2021-06-26T09:11:25+00:00","og_image":[{"url":"https:\/\/delormdesign.com\/blog\/wp-content\/uploads\/2018\/07\/peindre-meuble-tv-en-bois-brut-1024x684.jpg"}],"twitter_card":"summary","twitter_misc":{"Est. reading time":"5 minutes"},"schema":{"@context":"https:\/\/schema.org","@graph":[{"@type":"WebSite","@id":"https:\/\/delormdesign.com\/blog\/#website","url":"https:\/\/delormdesign.com\/blog\/","name":"Blog Design Jardin &amp; Int\u00e9rieur | Tendance D\u00e9co","description":"Jardin &amp; Int\u00e9rieur | Tendance D\u00e9co","potentialAction":[{"@type":"SearchAction","target":{"@type":"EntryPoint","urlTemplate":"https:\/\/delormdesign.com\/blog\/?s={search_term_string}"},"query-input":"required name=search_term_string"}],"inLanguage":"fr-FR"},{"@type":"ImageObject","inLanguage":"fr-FR","@id":"https:\/\/delormdesign.com\/blog\/meuble-tv-teck\/4-bonnes-raisons-de-choisir-meuble-tv-bois-clair\/#primaryimage","url":"https:\/\/delormdesign.com\/blog\/wp-content\/uploads\/2018\/07\/peindre-meuble-tv-en-bois-brut.jpg","contentUrl":"https:\/\/delormdesign.com\/blog\/wp-content\/uploads\/2018\/07\/peindre-meuble-tv-en-bois-brut.jpg","width":2560,"height":1709},{"@type":"WebPage","@id":"https:\/\/delormdesign.com\/blog\/meuble-tv-teck\/4-bonnes-raisons-de-choisir-meuble-tv-bois-clair\/","url":"https:\/\/delormdesign.com\/blog\/meuble-tv-teck\/4-bonnes-raisons-de-choisir-meuble-tv-bois-clair\/","name":"4 bonnes raisons de choisir un meuble TV en bois clair &bull; Blog Design Jardin &amp; Int\u00e9rieur | Tendance D\u00e9co","isPartOf":{"@id":"https:\/\/delormdesign.com\/blog\/#website"},"primaryImageOfPage":{"@id":"https:\/\/delormdesign.com\/blog\/meuble-tv-teck\/4-bonnes-raisons-de-choisir-meuble-tv-bois-clair\/#primaryimage"},"datePublished":"2018-07-10T15:01:07+00:00","dateModified":"2021-06-26T09:11:25+00:00","description":"Envie d\u2019apporter une touche de frais \u00e0 la scandinave et de style \u00e0 votre living ? Et si vous craquiez pour un meuble TV en bois ?","breadcrumb":{"@id":"https:\/\/delormdesign.com\/blog\/meuble-tv-teck\/4-bonnes-raisons-de-choisir-meuble-tv-bois-clair\/#breadcrumb"},"inLanguage":"fr-FR","potentialAction":[{"@type":"ReadAction","target":["https:\/\/delormdesign.com\/blog\/meuble-tv-teck\/4-bonnes-raisons-de-choisir-meuble-tv-bois-clair\/"]}]},{"@type":"BreadcrumbList","@id":"https:\/\/delormdesign.com\/blog\/meuble-tv-teck\/4-bonnes-raisons-de-choisir-meuble-tv-bois-clair\/#breadcrumb","itemListElement":[{"@type":"ListItem","position":1,"name":"Accueil","item":"https:\/\/delormdesign.com\/blog\/"},{"@type":"ListItem","position":2,"name":"Meuble TV teck","item":"https:\/\/delormdesign.com\/blog\/meuble-tv-teck\/"},{"@type":"ListItem","position":3,"name":"4 bonnes raisons de choisir un meuble TV en bois clair"}]}]}},"amp_enabled":true,"_links":{"self":[{"href":"https:\/\/delormdesign.com\/blog\/wp-json\/wp\/v2\/pages\/964"}],"collection":[{"href":"https:\/\/delormdesign.com\/blog\/wp-json\/wp\/v2\/pages"}],"about":[{"href":"https:\/\/delormdesign.com\/blog\/wp-json\/wp\/v2\/types\/page"}],"author":[{"embeddable":true,"href":"https:\/\/delormdesign.com\/blog\/wp-json\/wp\/v2\/users\/12"}],"replies":[{"embeddable":true,"href":"https:\/\/delormdesign.com\/blog\/wp-json\/wp\/v2\/comments?post=964"}],"version-history":[{"count":1,"href":"https:\/\/delormdesign.com\/blog\/wp-json\/wp\/v2\/pages\/964\/revisions"}],"predecessor-version":[{"id":2542,"href":"https:\/\/delormdesign.com\/blog\/wp-json\/wp\/v2\/pages\/964\/revisions\/2542"}],"up":[{"embeddable":true,"href":"https:\/\/delormdesign.com\/blog\/wp-json\/wp\/v2\/pages\/912"}],"wp:attachment":[{"href":"https:\/\/delormdesign.com\/blog\/wp-json\/wp\/v2\/media?parent=964"}],"wp:term":[{"taxonomy":"category","embeddable":true,"href":"https:\/\/delormdesign.com\/blog\/wp-json\/wp\/v2\/categories?post=964"},{"taxonomy":"post_tag","embeddable":true,"href":"https:\/\/delormdesign.com\/blog\/wp-json\/wp\/v2\/tags?post=964"}],"curies":[{"name":"wp","href":"https:\/\/api.w.org\/{rel}","templated":true}]}}